Last updated on 2024-05-04 01:49:01 CEST.
Flavor | Version | Tinstall | Tcheck | Ttotal | Status | Flags |
---|---|---|---|---|---|---|
r-devel-linux-x86_64-debian-clang | 1.0.0 | 6.16 | 239.01 | 245.17 | OK | |
r-devel-linux-x86_64-fedora-clang | 1.0.0 | 309.12 | NOTE | |||
r-devel-linux-x86_64-fedora-gcc | 1.0.0 | 272.28 | OK | |||
r-devel-windows-x86_64 | 1.0.0 | 6.00 | 147.00 | 153.00 | OK | |
r-patched-linux-x86_64 | 1.0.0 | 5.60 | 219.13 | 224.73 | OK | |
r-release-linux-x86_64 | 1.0.0 | 3.33 | 217.64 | 220.97 | OK | |
r-release-macos-arm64 | 1.0.0 | 57.00 | OK | |||
r-release-windows-x86_64 | 1.0.0 | 6.00 | 141.00 | 147.00 | OK | |
r-oldrel-macos-arm64 | 1.0.0 | 77.00 | OK | |||
r-oldrel-macos-x86_64 | 1.0.0 | 259.00 | OK | |||
r-oldrel-windows-x86_64 | 1.0.0 | 8.00 | 192.00 | 200.00 | OK |
Version: 1.0.0
Check: Rd cross-references
Result: NOTE
Undeclared package ‘fpc’ in Rd xrefs
Flavor: r-devel-linux-x86_64-fedora-clang
These binaries (installable software) and packages are in development.
They may not be fully stable and should be used with caution. We make no claims about them.