Last updated on 2024-05-04 01:49:01 CEST.
Flavor | Version | Tinstall | Tcheck | Ttotal | Status | Flags |
---|---|---|---|---|---|---|
r-devel-linux-x86_64-debian-clang | 1.7 | 7.02 | 64.55 | 71.57 | NOTE | |
r-devel-linux-x86_64-fedora-clang | 1.7 | 93.80 | NOTE | |||
r-devel-linux-x86_64-fedora-gcc | 1.7 | 104.75 | NOTE | |||
r-devel-windows-x86_64 | 1.7 | 7.00 | 71.00 | 78.00 | NOTE | |
r-patched-linux-x86_64 | 1.7 | 5.08 | 56.50 | 61.58 | ERROR | |
r-release-linux-x86_64 | 1.7 | 3.75 | 62.17 | 65.92 | NOTE | |
r-release-macos-arm64 | 1.7 | 40.00 | NOTE | |||
r-release-windows-x86_64 | 1.7 | 7.00 | 70.00 | 77.00 | NOTE | |
r-oldrel-macos-arm64 | 1.7 | 37.00 | OK | |||
r-oldrel-macos-x86_64 | 1.7 | 59.00 | OK | |||
r-oldrel-windows-x86_64 | 1.7 | 8.00 | 77.00 | 85.00 | OK |
Version: 1.7
Check: Rd files
Result: NOTE
checkRd: (-1) separate_genes.Rd:14: Lost braces
14 | microbial genes like AbcD, default [A-Za-z][a-z]{2}[A-Z0-9]+}
| ^
Flavors: r-devel-linux-x86_64-debian-clang, r-devel-linux-x86_64-fedora-clang, r-devel-linux-x86_64-fedora-gcc, r-devel-windows-x86_64, r-patched-linux-x86_64, r-release-linux-x86_64, r-release-macos-arm64, r-release-windows-x86_64
Version: 1.7
Check: re-building of vignette outputs
Result: ERROR
Error(s) in re-building vignettes:
...
--- re-building ‘pmcftp.Rmd’ using rmarkdown
--- finished re-building ‘pmcftp.Rmd’
--- re-building ‘tidypmc.Rmd’ using rmarkdown
Quitting from lines at lines 23-26 [epmc_ftxt] (tidypmc.Rmd)
Error: processing vignette 'tidypmc.Rmd' failed with diagnostics:
HTTP error 500.
--- failed re-building ‘tidypmc.Rmd’
SUMMARY: processing the following file failed:
‘tidypmc.Rmd’
Error: Vignette re-building failed.
Execution halted
Flavor: r-patched-linux-x86_64
These binaries (installable software) and packages are in development.
They may not be fully stable and should be used with caution. We make no claims about them.