Last updated on 2024-05-04 01:49:01 CEST.
Flavor | Version | Tinstall | Tcheck | Ttotal | Status | Flags |
---|---|---|---|---|---|---|
r-devel-linux-x86_64-debian-clang | 0.1.0 | 11.43 | 104.55 | 115.98 | OK | |
r-devel-linux-x86_64-fedora-clang | 0.1.0 | 146.52 | NOTE | |||
r-devel-linux-x86_64-fedora-gcc | 0.1.0 | 142.91 | NOTE | |||
r-devel-windows-x86_64 | 0.1.0 | 12.00 | 92.00 | 104.00 | OK | |
r-patched-linux-x86_64 | 0.1.0 | 18.83 | 96.35 | 115.18 | OK | |
r-release-linux-x86_64 | 0.1.0 | 7.86 | 98.05 | 105.91 | OK | |
r-release-macos-arm64 | 0.1.0 | 43.00 | OK | |||
r-release-windows-x86_64 | 0.1.0 | 12.00 | 98.00 | 110.00 | OK | |
r-oldrel-macos-arm64 | 0.1.0 | 46.00 | OK | |||
r-oldrel-macos-x86_64 | 0.1.0 | 70.00 | OK | |||
r-oldrel-windows-x86_64 | 0.1.0 | 15.00 | 109.00 | 124.00 | OK |
Version: 0.1.0
Check: dependencies in R code
Result: NOTE
Namespace in Imports field not imported from: ‘reticulate’
All declared Imports should be used.
Flavors: r-devel-linux-x86_64-fedora-clang, r-devel-linux-x86_64-fedora-gcc
These binaries (installable software) and packages are in development.
They may not be fully stable and should be used with caution. We make no claims about them.