Last updated on 2024-05-04 01:49:01 CEST.
Flavor | Version | Tinstall | Tcheck | Ttotal | Status | Flags |
---|---|---|---|---|---|---|
r-devel-linux-x86_64-debian-clang | 0.1.5 | 6.79 | 97.50 | 104.29 | NOTE | |
r-devel-linux-x86_64-fedora-clang | 0.1.5 | 137.14 | NOTE | |||
r-devel-linux-x86_64-fedora-gcc | 0.1.5 | 132.35 | NOTE | |||
r-devel-windows-x86_64 | 0.1.5 | 6.00 | 94.00 | 100.00 | NOTE | |
r-patched-linux-x86_64 | 0.1.5 | 6.23 | 90.73 | 96.96 | NOTE | |
r-release-linux-x86_64 | 0.1.5 | 6.95 | 90.49 | 97.44 | NOTE | |
r-release-macos-arm64 | 0.1.5 | 44.00 | NOTE | |||
r-release-windows-x86_64 | 0.1.5 | 6.00 | 94.00 | 100.00 | NOTE | |
r-oldrel-macos-arm64 | 0.1.5 | 48.00 | NOTE | |||
r-oldrel-macos-x86_64 | 0.1.5 | 79.00 | NOTE | |||
r-oldrel-windows-x86_64 | 0.1.5 | 9.00 | 106.00 | 115.00 | NOTE |
Version: 0.1.5
Check: LazyData
Result: NOTE
'LazyData' is specified without a 'data' directory
Flavors: r-devel-linux-x86_64-debian-clang, r-devel-linux-x86_64-fedora-clang, r-devel-linux-x86_64-fedora-gcc, r-devel-windows-x86_64, r-patched-linux-x86_64, r-release-linux-x86_64, r-release-macos-arm64, r-release-windows-x86_64, r-oldrel-macos-arm64, r-oldrel-macos-x86_64, r-oldrel-windows-x86_64
These binaries (installable software) and packages are in development.
They may not be fully stable and should be used with caution. We make no claims about them.