Last updated on 2024-05-04 01:49:01 CEST.
Flavor | Version | Tinstall | Tcheck | Ttotal | Status | Flags |
---|---|---|---|---|---|---|
r-devel-linux-x86_64-debian-clang | 0.6.1 | 5.20 | 87.23 | 92.43 | OK | |
r-devel-linux-x86_64-fedora-clang | 0.6.1 | 116.84 | NOTE | |||
r-devel-linux-x86_64-fedora-gcc | 0.6.1 | 126.60 | NOTE | |||
r-devel-windows-x86_64 | 0.6.1 | 6.00 | 85.00 | 91.00 | OK | |
r-patched-linux-x86_64 | 0.6.1 | 5.25 | 84.78 | 90.03 | OK | |
r-release-linux-x86_64 | 0.6.1 | 3.93 | 83.64 | 87.57 | OK | |
r-release-macos-arm64 | 0.6.1 | 46.00 | OK | |||
r-release-macos-x86_64 | 0.6.1 | 103.00 | OK | |||
r-release-windows-x86_64 | 0.6.1 | 7.00 | 85.00 | 92.00 | OK | |
r-oldrel-macos-arm64 | 0.6.1 | 54.00 | OK | |||
r-oldrel-macos-x86_64 | 0.6.1 | 96.00 | OK | |||
r-oldrel-windows-x86_64 | 0.6.1 | 9.00 | 95.00 | 104.00 | OK |
Version: 0.6.1
Check: Rd cross-references
Result: NOTE
Undeclared package ‘datawizard’ in Rd xrefs
Flavor: r-devel-linux-x86_64-fedora-clang
Version: 0.6.1
Check: data for non-ASCII characters
Result: NOTE
Note: found 113 marked UTF-8 strings
Flavors: r-devel-linux-x86_64-fedora-clang, r-devel-linux-x86_64-fedora-gcc
These binaries (installable software) and packages are in development.
They may not be fully stable and should be used with caution. We make no claims about them.