Last updated on 2024-05-04 01:49:01 CEST.
Flavor | Version | Tinstall | Tcheck | Ttotal | Status | Flags |
---|---|---|---|---|---|---|
r-devel-linux-x86_64-debian-clang | 0.9.1 | 5.53 | 47.74 | 53.27 | OK | |
r-devel-linux-x86_64-fedora-clang | 0.9.1 | 66.80 | NOTE | |||
r-devel-linux-x86_64-fedora-gcc | 0.9.1 | 76.84 | NOTE | |||
r-devel-windows-x86_64 | 0.9.1 | 6.00 | 56.00 | 62.00 | OK | |
r-patched-linux-x86_64 | 0.9.1 | 4.40 | 44.18 | 48.58 | OK | |
r-release-linux-x86_64 | 0.9.1 | 5.10 | 45.57 | 50.67 | OK | |
r-release-macos-arm64 | 0.9.1 | 29.00 | OK | |||
r-release-windows-x86_64 | 0.9.1 | 6.00 | 56.00 | 62.00 | OK | |
r-oldrel-macos-arm64 | 0.9.1 | 32.00 | OK | |||
r-oldrel-macos-x86_64 | 0.9.1 | 44.00 | OK | |||
r-oldrel-windows-x86_64 | 0.9.1 | 6.00 | 60.00 | 66.00 | OK |
Version: 0.9.1
Check: data for non-ASCII characters
Result: NOTE
Note: found 34206 marked UTF-8 strings
Flavors: r-devel-linux-x86_64-fedora-clang, r-devel-linux-x86_64-fedora-gcc
These binaries (installable software) and packages are in development.
They may not be fully stable and should be used with caution. We make no claims about them.