Last updated on 2024-05-04 01:49:01 CEST.
Flavor | Version | Tinstall | Tcheck | Ttotal | Status | Flags |
---|---|---|---|---|---|---|
r-devel-linux-x86_64-debian-clang | 0.5.8 | 7.35 | 127.64 | 134.99 | OK | |
r-devel-linux-x86_64-fedora-clang | 0.5.8 | 167.25 | NOTE | |||
r-devel-linux-x86_64-fedora-gcc | 0.5.8 | 146.42 | NOTE | |||
r-devel-windows-x86_64 | 0.5.8 | 10.00 | 141.00 | 151.00 | OK | |
r-patched-linux-x86_64 | 0.5.8 | 6.91 | 120.08 | 126.99 | OK | |
r-release-linux-x86_64 | 0.5.8 | 6.50 | 120.51 | 127.01 | OK | |
r-release-macos-arm64 | 0.5.8 | 71.00 | OK | |||
r-release-macos-x86_64 | 0.5.8 | 158.00 | OK | |||
r-release-windows-x86_64 | 0.5.8 | 10.00 | 141.00 | 151.00 | OK | |
r-oldrel-macos-arm64 | 0.5.8 | 69.00 | OK | |||
r-oldrel-macos-x86_64 | 0.5.8 | 147.00 | OK | |||
r-oldrel-windows-x86_64 | 0.5.8 | 13.00 | 164.00 | 177.00 | OK |
Version: 0.5.8
Check: data for non-ASCII characters
Result: NOTE
Note: found 4581 marked UTF-8 strings
Flavors: r-devel-linux-x86_64-fedora-clang, r-devel-linux-x86_64-fedora-gcc
These binaries (installable software) and packages are in development.
They may not be fully stable and should be used with caution. We make no claims about them.