Last updated on 2024-05-04 01:49:01 CEST.
Flavor | Version | Tinstall | Tcheck | Ttotal | Status | Flags |
---|---|---|---|---|---|---|
r-devel-linux-x86_64-debian-clang | 0.2.0 | 2.61 | 142.21 | 144.82 | OK | |
r-devel-linux-x86_64-fedora-clang | 0.2.0 | 177.41 | NOTE | |||
r-devel-linux-x86_64-fedora-gcc | 0.2.0 | 180.19 | NOTE | |||
r-devel-windows-x86_64 | 0.2.0 | 5.00 | 113.00 | 118.00 | OK | |
r-patched-linux-x86_64 | 0.2.0 | 3.72 | 133.37 | 137.09 | OK | |
r-release-linux-x86_64 | 0.2.0 | 3.20 | 129.73 | 132.93 | OK | |
r-release-macos-arm64 | 0.2.0 | 50.00 | OK | |||
r-release-windows-x86_64 | 0.2.0 | 5.00 | 113.00 | 118.00 | OK | |
r-oldrel-macos-arm64 | 0.2.0 | 56.00 | OK | |||
r-oldrel-macos-x86_64 | 0.2.0 | 88.00 | OK | |||
r-oldrel-windows-x86_64 | 0.2.0 | 5.00 | 145.00 | 150.00 | OK |
Version: 0.2.0
Check: dependencies in R code
Result: NOTE
Namespace in Imports field not imported from: ‘lwgeom’
All declared Imports should be used.
Flavors: r-devel-linux-x86_64-fedora-clang, r-devel-linux-x86_64-fedora-gcc
These binaries (installable software) and packages are in development.
They may not be fully stable and should be used with caution. We make no claims about them.