Last updated on 2024-05-04 01:49:02 CEST.
Flavor | Version | Tinstall | Tcheck | Ttotal | Status | Flags |
---|---|---|---|---|---|---|
r-devel-linux-x86_64-debian-clang | 0.1.0 | 6.44 | 176.35 | 182.79 | NOTE | |
r-devel-linux-x86_64-fedora-clang | 0.1.0 | 232.00 | NOTE | |||
r-devel-linux-x86_64-fedora-gcc | 0.1.0 | 293.43 | NOTE | |||
r-devel-windows-x86_64 | 0.1.0 | 9.00 | 140.00 | 149.00 | NOTE | |
r-patched-linux-x86_64 | 0.1.0 | 7.59 | 174.46 | 182.05 | NOTE | |
r-release-linux-x86_64 | 0.1.0 | 6.98 | 146.88 | 153.86 | NOTE | |
r-release-macos-arm64 | 0.1.0 | 81.00 | NOTE | |||
r-release-windows-x86_64 | 0.1.0 | 8.00 | 141.00 | 149.00 | NOTE | |
r-oldrel-macos-arm64 | 0.1.0 | 89.00 | OK | |||
r-oldrel-macos-x86_64 | 0.1.0 | 139.00 | OK | |||
r-oldrel-windows-x86_64 | 0.1.0 | 11.00 | 170.00 | 181.00 | OK |
Version: 0.1.0
Check: Rd files
Result: NOTE
checkRd: (-1) partition_undirected_graph.Rd:20: Lost braces; missing escapes or markup?
20 | \item{cutoff}{Numeric. The value max(0, g_{i,j} - cutoff) so that there are <\code{.num_components}> components in the graph.}
| ^
Flavors: r-devel-linux-x86_64-debian-clang, r-devel-linux-x86_64-fedora-clang, r-devel-linux-x86_64-fedora-gcc, r-devel-windows-x86_64, r-patched-linux-x86_64, r-release-linux-x86_64, r-release-macos-arm64, r-release-windows-x86_64
These binaries (installable software) and packages are in development.
They may not be fully stable and should be used with caution. We make no claims about them.