Last updated on 2024-05-04 01:49:02 CEST.
Flavor | Version | Tinstall | Tcheck | Ttotal | Status | Flags |
---|---|---|---|---|---|---|
r-devel-linux-x86_64-debian-clang | 3.1-1 | 7.22 | 99.63 | 106.85 | NOTE | |
r-devel-linux-x86_64-fedora-clang | 3.1-1 | 128.92 | NOTE | |||
r-devel-linux-x86_64-fedora-gcc | 3.1-1 | 123.53 | NOTE | |||
r-devel-windows-x86_64 | 3.1-1 | 9.00 | 91.00 | 100.00 | NOTE | |
r-patched-linux-x86_64 | 3.1-1 | 9.07 | 94.27 | 103.34 | NOTE | |
r-release-linux-x86_64 | 3.1-1 | 7.39 | 94.07 | 101.46 | NOTE | |
r-release-macos-arm64 | 3.1-1 | 45.00 | NOTE | |||
r-release-windows-x86_64 | 3.1-1 | 9.00 | 90.00 | 99.00 | NOTE | |
r-oldrel-macos-arm64 | 3.1-1 | 54.00 | NOTE | |||
r-oldrel-macos-x86_64 | 3.1-1 | 80.00 | NOTE | |||
r-oldrel-windows-x86_64 | 3.1-1 | 10.00 | 107.00 | 117.00 | NOTE |
Version: 3.1-1
Check: LazyData
Result: NOTE
'LazyData' is specified without a 'data' directory
Flavors: r-devel-linux-x86_64-debian-clang, r-devel-linux-x86_64-fedora-clang, r-devel-linux-x86_64-fedora-gcc, r-devel-windows-x86_64, r-patched-linux-x86_64, r-release-linux-x86_64, r-release-macos-arm64, r-release-windows-x86_64, r-oldrel-macos-arm64, r-oldrel-macos-x86_64, r-oldrel-windows-x86_64
Version: 3.1-1
Check: Rd cross-references
Result: NOTE
Undeclared package ‘sp’ in Rd xrefs
Flavor: r-devel-linux-x86_64-fedora-clang
These binaries (installable software) and packages are in development.
They may not be fully stable and should be used with caution. We make no claims about them.