Last updated on 2024-05-04 01:49:02 CEST.
Flavor | Version | Tinstall | Tcheck | Ttotal | Status | Flags |
---|---|---|---|---|---|---|
r-devel-linux-x86_64-debian-clang | 0.1.1 | 5.33 | 122.39 | 127.72 | OK | |
r-devel-linux-x86_64-fedora-clang | 0.1.1 | 158.68 | OK | |||
r-devel-linux-x86_64-fedora-gcc | 0.1.1 | 182.36 | OK | |||
r-devel-windows-x86_64 | 0.1.1 | 5.00 | 171.00 | 176.00 | OK | |
r-patched-linux-x86_64 | 0.1.1 | 4.39 | 123.77 | 128.16 | OK | |
r-release-linux-x86_64 | 0.1.1 | 5.18 | 120.00 | 125.18 | OK | |
r-release-macos-arm64 | 0.1.1 | 76.00 | OK | |||
r-release-windows-x86_64 | 0.1.1 | 5.00 | 169.00 | 174.00 | OK | |
r-oldrel-macos-arm64 | 0.1.1 | 71.00 | OK | |||
r-oldrel-macos-x86_64 | 0.1.1 | 118.00 | NOTE | |||
r-oldrel-windows-x86_64 | 0.1.1 | 7.00 | 160.00 | 167.00 | OK |
Version: 0.1.1
Check: package dependencies
Result: NOTE
Package suggested but not available for checking: ‘stm’
Flavor: r-oldrel-macos-x86_64
Version: 0.1.1
Check: Rd cross-references
Result: NOTE
Package unavailable to check Rd xrefs: ‘stm’
Flavor: r-oldrel-macos-x86_64
These binaries (installable software) and packages are in development.
They may not be fully stable and should be used with caution. We make no claims about them.