Last updated on 2024-05-04 01:49:02 CEST.
Flavor | Version | Tinstall | Tcheck | Ttotal | Status | Flags |
---|---|---|---|---|---|---|
r-devel-linux-x86_64-debian-clang | 1.2.0 | 7.42 | 92.96 | 100.38 | OK | |
r-devel-linux-x86_64-fedora-clang | 1.2.0 | 128.21 | NOTE | |||
r-devel-linux-x86_64-fedora-gcc | 1.2.0 | 131.71 | OK | |||
r-devel-windows-x86_64 | 1.2.0 | 8.00 | 124.00 | 132.00 | OK | |
r-patched-linux-x86_64 | 1.2.0 | 8.13 | 90.47 | 98.60 | OK | |
r-release-linux-x86_64 | 1.2.0 | 8.42 | 90.80 | 99.22 | OK | |
r-release-macos-arm64 | 1.2.0 | 71.00 | OK | |||
r-release-macos-x86_64 | 1.2.0 | 157.00 | OK | |||
r-release-windows-x86_64 | 1.2.0 | 9.00 | 123.00 | 132.00 | OK | |
r-oldrel-macos-arm64 | 1.2.0 | 64.00 | OK | |||
r-oldrel-macos-x86_64 | 1.2.0 | 111.00 | OK | |||
r-oldrel-windows-x86_64 | 1.2.0 | 10.00 | 137.00 | 147.00 | OK |
Version: 1.2.0
Check: Rd cross-references
Result: NOTE
Undeclared package ‘TeachingDemos’ in Rd xrefs
Flavor: r-devel-linux-x86_64-fedora-clang
These binaries (installable software) and packages are in development.
They may not be fully stable and should be used with caution. We make no claims about them.