Last updated on 2024-05-04 01:49:02 CEST.
Flavor | Version | Tinstall | Tcheck | Ttotal | Status | Flags |
---|---|---|---|---|---|---|
r-devel-linux-x86_64-debian-clang | 0.2.1 | 0.50 | 2.10 | 2.60 | ERROR | |
r-devel-linux-x86_64-fedora-clang | 0.2.1 | 667.68 | OK | |||
r-devel-linux-x86_64-fedora-gcc | 0.2.1 | 492.71 | OK | |||
r-devel-windows-x86_64 | 0.2.1 | 40.00 | 297.00 | 337.00 | OK | |
r-patched-linux-x86_64 | 0.2.1 | 31.13 | 425.08 | 456.21 | OK | |
r-release-linux-x86_64 | 0.2.1 | 32.97 | 438.89 | 471.86 | OK | |
r-release-macos-arm64 | 0.2.1 | 186.00 | OK | |||
r-release-macos-x86_64 | 0.2.1 | 359.00 | OK | |||
r-release-windows-x86_64 | 0.2.1 | 40.00 | 307.00 | 347.00 | OK | |
r-oldrel-macos-arm64 | 0.2.1 | 10.00 | ERROR | |||
r-oldrel-macos-x86_64 | 0.2.1 | 7.00 | ERROR | |||
r-oldrel-windows-x86_64 | 0.2.1 | 52.00 | 405.00 | 457.00 | OK |
Version: 0.2.1
Check: package dependencies
Result: ERROR
Packages required but not available:
'csaw', 'InteractionSet', 'SummarizedExperiment', 'HiCDOC'
See section ‘The DESCRIPTION file’ in the ‘Writing R Extensions’
manual.
Flavor: r-devel-linux-x86_64-debian-clang
Version: 0.2.1
Check: package dependencies
Result: ERROR
Packages required but not available: 'csaw', 'HiCDOC'
See section ‘The DESCRIPTION file’ in the ‘Writing R Extensions’
manual.
Flavors: r-oldrel-macos-arm64, r-oldrel-macos-x86_64
These binaries (installable software) and packages are in development.
They may not be fully stable and should be used with caution. We make no claims about them.