Last updated on 2024-05-04 01:49:02 CEST.
Flavor | Version | Tinstall | Tcheck | Ttotal | Status | Flags |
---|---|---|---|---|---|---|
r-devel-linux-x86_64-debian-clang | 1.1.4 | 95.77 | 45.75 | 141.52 | NOTE | |
r-devel-linux-x86_64-fedora-clang | 1.1.4 | 247.72 | NOTE | |||
r-devel-linux-x86_64-fedora-gcc | 1.1.4 | 224.26 | NOTE | |||
r-devel-windows-x86_64 | 1.1.4 | 82.00 | 79.00 | 161.00 | NOTE | |
r-patched-linux-x86_64 | 1.1.4 | 97.91 | 44.31 | 142.22 | NOTE | |
r-release-linux-x86_64 | 1.1.4 | 104.51 | 43.96 | 148.47 | NOTE | |
r-release-macos-arm64 | 1.1.4 | 53.00 | NOTE | |||
r-release-windows-x86_64 | 1.1.4 | 80.00 | 78.00 | 158.00 | NOTE | |
r-oldrel-macos-arm64 | 1.1.4 | 63.00 | NOTE | |||
r-oldrel-macos-x86_64 | 1.1.4 | 96.00 | NOTE | |||
r-oldrel-windows-x86_64 | 1.1.4 | 98.00 | 90.00 | 188.00 | NOTE |
Version: 1.1.4
Check: C++ specification
Result: NOTE
Specified C++11: please drop specification unless essential
Flavors: r-devel-linux-x86_64-debian-clang, r-devel-linux-x86_64-fedora-clang, r-devel-linux-x86_64-fedora-gcc, r-devel-windows-x86_64, r-patched-linux-x86_64, r-release-linux-x86_64, r-release-macos-arm64, r-release-windows-x86_64, r-oldrel-macos-arm64, r-oldrel-macos-x86_64, r-oldrel-windows-x86_64
Version: 1.1.4
Check: installed package size
Result: NOTE
installed size is 10.3Mb
sub-directories of 1Mb or more:
libs 10.2Mb
Flavors: r-release-macos-arm64, r-oldrel-macos-arm64, r-oldrel-macos-x86_64
These binaries (installable software) and packages are in development.
They may not be fully stable and should be used with caution. We make no claims about them.