Last updated on 2024-05-04 01:49:02 CEST.
Flavor | Version | Tinstall | Tcheck | Ttotal | Status | Flags |
---|---|---|---|---|---|---|
r-devel-linux-x86_64-debian-clang | 0.1.2 | 16.65 | 112.45 | 129.10 | NOTE | |
r-devel-linux-x86_64-fedora-clang | 0.1.2 | 160.21 | NOTE | |||
r-devel-linux-x86_64-fedora-gcc | 0.1.2 | 160.26 | NOTE | |||
r-devel-windows-x86_64 | 0.1.2 | 19.00 | 98.00 | 117.00 | NOTE | |
r-patched-linux-x86_64 | 0.1.2 | 18.88 | 106.02 | 124.90 | OK | |
r-release-linux-x86_64 | 0.1.2 | 12.69 | 105.65 | 118.34 | OK | |
r-release-macos-arm64 | 0.1.2 | 7.00 | ERROR | |||
r-release-macos-x86_64 | 0.1.2 | 11.00 | ERROR | |||
r-release-windows-x86_64 | 0.1.2 | 17.00 | 97.00 | 114.00 | OK | |
r-oldrel-macos-arm64 | 0.1.2 | 12.00 | ERROR | |||
r-oldrel-macos-x86_64 | 0.1.2 | 9.00 | ERROR | |||
r-oldrel-windows-x86_64 | 0.1.2 | 22.00 | 133.00 | 155.00 | OK |
Version: 0.1.2
Check: compiled code
Result: NOTE
File ‘triptych/libs/triptych.so’:
Found non-API calls to R: ‘SETLENGTH’, ‘SET_TRUELENGTH’
Compiled code should not call non-API entry points in R.
See ‘Writing portable packages’ in the ‘Writing R Extensions’ manual.
Flavors: r-devel-linux-x86_64-debian-clang, r-devel-linux-x86_64-fedora-clang, r-devel-linux-x86_64-fedora-gcc
Version: 0.1.2
Check: compiled code
Result: NOTE
File 'triptych/libs/x64/triptych.dll':
Found non-API calls to R: 'SETLENGTH', 'SET_TRUELENGTH'
Compiled code should not call non-API entry points in R.
See 'Writing portable packages' in the 'Writing R Extensions' manual.
Flavor: r-devel-windows-x86_64
Version: 0.1.2
Check: whether package can be installed
Result: ERROR
Installation failed.
Flavors: r-release-macos-arm64, r-release-macos-x86_64, r-oldrel-macos-arm64, r-oldrel-macos-x86_64
These binaries (installable software) and packages are in development.
They may not be fully stable and should be used with caution. We make no claims about them.