Last updated on 2024-05-04 01:49:02 CEST.
Flavor | Version | Tinstall | Tcheck | Ttotal | Status | Flags |
---|---|---|---|---|---|---|
r-devel-linux-x86_64-debian-clang | 0.6 | 2.48 | 25.60 | 28.08 | NOTE | |
r-devel-linux-x86_64-fedora-clang | 0.6 | 36.81 | NOTE | |||
r-devel-linux-x86_64-fedora-gcc | 0.6 | 35.55 | NOTE | |||
r-devel-windows-x86_64 | 0.6 | 4.00 | 43.00 | 47.00 | NOTE | |
r-patched-linux-x86_64 | 0.6 | 3.82 | 25.48 | 29.30 | NOTE | |
r-release-linux-x86_64 | 0.6 | 2.46 | 25.37 | 27.83 | NOTE | |
r-release-macos-arm64 | 0.6 | 15.00 | NOTE | |||
r-release-windows-x86_64 | 0.6 | 4.00 | 44.00 | 48.00 | NOTE | |
r-oldrel-macos-arm64 | 0.6 | 16.00 | NOTE | |||
r-oldrel-macos-x86_64 | 0.6 | 24.00 | NOTE | |||
r-oldrel-windows-x86_64 | 0.6 | 4.00 | 44.00 | 48.00 | NOTE |
Version: 0.6
Check: DESCRIPTION meta-information
Result: NOTE
Malformed Title field: should not end in a period.
Flavors: r-devel-linux-x86_64-debian-clang, r-devel-linux-x86_64-fedora-clang, r-devel-linux-x86_64-fedora-gcc, r-devel-windows-x86_64, r-patched-linux-x86_64, r-release-linux-x86_64, r-release-macos-arm64, r-release-windows-x86_64, r-oldrel-macos-arm64, r-oldrel-macos-x86_64, r-oldrel-windows-x86_64
These binaries (installable software) and packages are in development.
They may not be fully stable and should be used with caution. We make no claims about them.