Last updated on 2025-10-23 21:51:46 CEST.
Flavor | Version | Tinstall | Tcheck | Ttotal | Status | Flags |
---|---|---|---|---|---|---|
r-devel-linux-x86_64-debian-clang | 0.5-1 | 33.83 | 102.06 | 135.89 | OK | |
r-devel-linux-x86_64-debian-gcc | 0.5-1 | 37.70 | 71.32 | 109.02 | OK | |
r-devel-linux-x86_64-fedora-clang | 0.5-1 | 201.00 | 27.98 | 228.98 | NOTE | |
r-devel-linux-x86_64-fedora-gcc | 0.5-1 | 100.00 | 147.11 | 247.11 | NOTE | |
r-devel-windows-x86_64 | 0.5-1 | 56.00 | 108.00 | 164.00 | OK | |
r-patched-linux-x86_64 | 0.5-1 | 53.12 | 95.83 | 148.95 | OK | |
r-release-linux-x86_64 | 0.5-1 | 53.04 | 95.31 | 148.35 | OK | |
r-release-macos-arm64 | 0.5-1 | 44.00 | 62.00 | 106.00 | OK | |
r-release-macos-x86_64 | 0.5-1 | 50.00 | 87.00 | 137.00 | OK | |
r-release-windows-x86_64 | 0.5-1 | 55.00 | 111.00 | 166.00 | OK | |
r-oldrel-macos-arm64 | 0.5-1 | 32.00 | 42.00 | 74.00 | OK | |
r-oldrel-macos-x86_64 | 0.5-1 | 37.00 | 70.00 | 107.00 | OK | |
r-oldrel-windows-x86_64 | 0.5-1 | 70.00 | 145.00 | 215.00 | OK |
Version: 0.5-1
Check: compiled code
Result: NOTE
File ‘tseriesTARMA/libs/tseriesTARMA.so’:
Found no calls to: ‘R_registerRoutines’, ‘R_useDynamicSymbols’
It is good practice to register native routines and to disable symbol
search.
See ‘Writing portable packages’ in the ‘Writing R Extensions’ manual.
Flavors: r-devel-linux-x86_64-fedora-clang, r-devel-linux-x86_64-fedora-gcc
These binaries (installable software) and packages are in development.
They may not be fully stable and should be used with caution. We make no claims about them.