Last updated on 2024-05-04 01:49:02 CEST.
Flavor | Version | Tinstall | Tcheck | Ttotal | Status | Flags |
---|---|---|---|---|---|---|
r-devel-linux-x86_64-debian-clang | 1.2 | 18.22 | 148.83 | 167.05 | NOTE | |
r-devel-linux-x86_64-fedora-clang | 1.2 | 212.75 | NOTE | |||
r-devel-linux-x86_64-fedora-gcc | 1.2 | 201.17 | NOTE | |||
r-devel-windows-x86_64 | 1.2 | 18.00 | 118.00 | 136.00 | NOTE | |
r-patched-linux-x86_64 | 1.2 | 17.78 | 140.90 | 158.68 | NOTE | |
r-release-linux-x86_64 | 1.2 | 15.44 | 137.37 | 152.81 | NOTE | |
r-release-macos-arm64 | 1.2 | 54.00 | NOTE | |||
r-release-windows-x86_64 | 1.2 | 19.00 | 116.00 | 135.00 | NOTE | |
r-oldrel-macos-arm64 | 1.2 | 59.00 | NOTE | |||
r-oldrel-macos-x86_64 | 1.2 | 100.00 | NOTE | |||
r-oldrel-windows-x86_64 | 1.2 | 23.00 | 148.00 | 171.00 | NOTE |
Version: 1.2
Check: LazyData
Result: NOTE
'LazyData' is specified without a 'data' directory
Flavors: r-devel-linux-x86_64-debian-clang, r-devel-linux-x86_64-fedora-clang, r-devel-linux-x86_64-fedora-gcc, r-devel-windows-x86_64, r-patched-linux-x86_64, r-release-linux-x86_64, r-release-macos-arm64, r-release-windows-x86_64, r-oldrel-macos-arm64, r-oldrel-macos-x86_64, r-oldrel-windows-x86_64
Version: 1.2
Check: compiled code
Result: NOTE
File ‘tspmeta/libs/tspmeta.so’:
Found no calls to: ‘R_registerRoutines’, ‘R_useDynamicSymbols’
It is good practice to register native routines and to disable symbol
search.
See ‘Writing portable packages’ in the ‘Writing R Extensions’ manual.
Flavors: r-devel-linux-x86_64-fedora-clang, r-devel-linux-x86_64-fedora-gcc
These binaries (installable software) and packages are in development.
They may not be fully stable and should be used with caution. We make no claims about them.