Last updated on 2024-07-03 21:52:00 CEST.
Flavor | Version | Tinstall | Tcheck | Ttotal | Status | Flags |
---|---|---|---|---|---|---|
r-devel-linux-x86_64-debian-clang | 1.0.0 | 18.26 | 176.95 | 195.21 | OK | |
r-devel-linux-x86_64-debian-gcc | 1.0.0 | 13.11 | 133.58 | 146.69 | OK | |
r-devel-linux-x86_64-fedora-clang | 1.0.0 | 245.89 | OK | |||
r-devel-linux-x86_64-fedora-gcc | 1.0.0 | 149.58 | OK | |||
r-devel-windows-x86_64 | 1.0.0 | 15.00 | 150.00 | 165.00 | OK | |
r-patched-linux-x86_64 | 1.0.0 | 13.24 | 119.70 | 132.94 | ERROR | |
r-release-linux-x86_64 | 1.0.0 | 10.92 | 176.62 | 187.54 | OK | |
r-release-macos-arm64 | 1.0.0 | 81.00 | OK | |||
r-release-macos-x86_64 | 1.0.0 | 110.00 | OK | |||
r-release-windows-x86_64 | 1.0.0 | 17.00 | 155.00 | 172.00 | OK | |
r-oldrel-macos-arm64 | 1.0.0 | 84.00 | OK | |||
r-oldrel-macos-x86_64 | 1.0.0 | 182.00 | OK | |||
r-oldrel-windows-x86_64 | 1.0.0 | 19.00 | 186.00 | 205.00 | OK |
Version: 1.0.0
Check: package dependencies
Result: NOTE
Package suggested but not available for checking: ‘tsgarch’
Flavor: r-patched-linux-x86_64
Version: 1.0.0
Check: examples
Result: ERROR
Running examples in ‘tstests-Ex.R’ failed
The error most likely occurred in:
> base::assign(".ptime", proc.time(), pos = "CheckExEnv")
> ### Name: gmm_test
> ### Title: GMM Orthogonality Test
> ### Aliases: gmm_test
>
> ### ** Examples
>
> library(tsgarch)
Error in library(tsgarch) : there is no package called ‘tsgarch’
Execution halted
Flavor: r-patched-linux-x86_64
Version: 1.0.0
Check: re-building of vignette outputs
Result: ERROR
Error(s) in re-building vignettes:
...
--- re-building ‘tstest_introduction.Rmd’ using rmarkdown
Quitting from lines 29-38 [packages] (tstest_introduction.Rmd)
Error: processing vignette 'tstest_introduction.Rmd' failed with diagnostics:
there is no package called 'tsgarch'
--- failed re-building ‘tstest_introduction.Rmd’
SUMMARY: processing the following file failed:
‘tstest_introduction.Rmd’
Error: Vignette re-building failed.
Execution halted
Flavor: r-patched-linux-x86_64
These binaries (installable software) and packages are in development.
They may not be fully stable and should be used with caution. We make no claims about them.