Last updated on 2024-05-04 01:49:02 CEST.
Flavor | Version | Tinstall | Tcheck | Ttotal | Status | Flags |
---|---|---|---|---|---|---|
r-devel-linux-x86_64-debian-clang | 1.0 | 12.56 | 510.12 | 522.68 | OK | |
r-devel-linux-x86_64-fedora-clang | 1.0 | 814.97 | NOTE | |||
r-devel-linux-x86_64-fedora-gcc | 1.0 | 967.56 | OK | |||
r-devel-windows-x86_64 | 1.0 | 10.00 | 296.00 | 306.00 | OK | |
r-patched-linux-x86_64 | 1.0 | 14.07 | 1071.92 | 1085.99 | OK | |
r-release-linux-x86_64 | 1.0 | 11.04 | 1091.67 | 1102.71 | OK | |
r-release-macos-arm64 | 1.0 | 279.00 | OK | |||
r-release-windows-x86_64 | 1.0 | 10.00 | 285.00 | 295.00 | OK | |
r-oldrel-macos-arm64 | 1.0 | 334.00 | OK | |||
r-oldrel-macos-x86_64 | 1.0 | 519.00 | NOTE | |||
r-oldrel-windows-x86_64 | 1.0 | 14.00 | 375.00 | 389.00 | OK |
Version: 1.0
Check: Rd cross-references
Result: NOTE
Undeclared package ‘twang’ in Rd xrefs
Flavor: r-devel-linux-x86_64-fedora-clang
Version: 1.0
Check: Rd cross-references
Result: NOTE
Package unavailable to check Rd xrefs: ‘twang’
Flavor: r-oldrel-macos-x86_64
These binaries (installable software) and packages are in development.
They may not be fully stable and should be used with caution. We make no claims about them.