Last updated on 2025-10-23 11:50:33 CEST.
Flavor | Version | Tinstall | Tcheck | Ttotal | Status | Flags |
---|---|---|---|---|---|---|
r-devel-linux-x86_64-debian-clang | 2.3.5 | 10.18 | 35.37 | 45.55 | NOTE | |
r-devel-linux-x86_64-debian-gcc | 2.3.5 | 6.29 | 25.68 | 31.97 | NOTE | |
r-devel-linux-x86_64-fedora-clang | 2.3.5 | 44.00 | 22.73 | 66.73 | NOTE | |
r-devel-linux-x86_64-fedora-gcc | 2.3.5 | 22.00 | 43.21 | 65.21 | NOTE | |
r-devel-windows-x86_64 | 2.3.5 | 11.00 | 53.00 | 64.00 | NOTE | |
r-patched-linux-x86_64 | 2.3.5 | 7.84 | 33.19 | 41.03 | NOTE | |
r-release-linux-x86_64 | 2.3.5 | 7.17 | 33.31 | 40.48 | NOTE | |
r-release-macos-arm64 | 2.3.5 | 5.00 | 18.00 | 23.00 | NOTE | |
r-release-macos-x86_64 | 2.3.5 | 11.00 | 30.00 | 41.00 | NOTE | |
r-release-windows-x86_64 | 2.3.5 | 13.00 | 54.00 | 67.00 | NOTE | |
r-oldrel-macos-arm64 | 2.3.5 | 5.00 | 21.00 | 26.00 | NOTE | |
r-oldrel-macos-x86_64 | 2.3.5 | 7.00 | 25.00 | 32.00 | NOTE | |
r-oldrel-windows-x86_64 | 2.3.5 | 13.00 | 61.00 | 74.00 | NOTE |
Version: 2.3.5
Check: CRAN incoming feasibility
Result: NOTE
Maintainer: ‘Peter K. Dunn <pdunn2@usc.edu.au>’
Package CITATION file contains call(s) to old-style citEntry(). Please
use bibentry() instead.
Flavors: r-devel-linux-x86_64-debian-clang, r-devel-linux-x86_64-debian-gcc
Version: 2.3.5
Check: Rd files
Result: NOTE
checkRd: (-1) tweedie-internal.Rd:74: Lost braces
74 | doi{10.1093/biomet/74.2.221}
| ^
Flavors: r-devel-linux-x86_64-debian-clang, r-devel-linux-x86_64-debian-gcc, r-devel-linux-x86_64-fedora-clang, r-devel-linux-x86_64-fedora-gcc, r-devel-windows-x86_64, r-patched-linux-x86_64, r-release-linux-x86_64, r-release-macos-arm64, r-release-macos-x86_64, r-release-windows-x86_64, r-oldrel-macos-arm64, r-oldrel-macos-x86_64, r-oldrel-windows-x86_64
Version: 2.3.5
Check: HTML version of manual
Result: NOTE
Found the following HTML validation problems:
AICtweedie.html:74:1 (AICtweedie.Rd:26): Warning: <h3> anchor "Note" already defined
logLik.tweedie.html:65:1 (logLik.tweedie.Rd:23): Warning: <h3> anchor "Note" already defined
Flavor: r-devel-linux-x86_64-debian-clang
These binaries (installable software) and packages are in development.
They may not be fully stable and should be used with caution. We make no claims about them.