Last updated on 2024-05-04 01:49:02 CEST.
Flavor | Version | Tinstall | Tcheck | Ttotal | Status | Flags |
---|---|---|---|---|---|---|
r-devel-linux-x86_64-debian-clang | 2.3.5 | 10.37 | 43.25 | 53.62 | NOTE | |
r-devel-linux-x86_64-fedora-clang | 2.3.5 | 71.06 | NOTE | |||
r-devel-linux-x86_64-fedora-gcc | 2.3.5 | 62.35 | NOTE | |||
r-devel-windows-x86_64 | 2.3.5 | 11.00 | 53.00 | 64.00 | NOTE | |
r-patched-linux-x86_64 | 2.3.5 | 9.38 | 41.03 | 50.41 | NOTE | |
r-release-linux-x86_64 | 2.3.5 | 9.04 | 40.95 | 49.99 | NOTE | |
r-release-macos-arm64 | 2.3.5 | 22.00 | NOTE | |||
r-release-windows-x86_64 | 2.3.5 | 11.00 | 54.00 | 65.00 | NOTE | |
r-oldrel-macos-arm64 | 2.3.5 | 23.00 | OK | |||
r-oldrel-macos-x86_64 | 2.3.5 | 35.00 | OK | |||
r-oldrel-windows-x86_64 | 2.3.5 | 15.00 | 57.00 | 72.00 | OK |
Version: 2.3.5
Check: Rd files
Result: NOTE
checkRd: (-1) tweedie-internal.Rd:74: Lost braces
74 | doi{10.1093/biomet/74.2.221}
| ^
Flavors: r-devel-linux-x86_64-debian-clang, r-devel-linux-x86_64-fedora-clang, r-devel-linux-x86_64-fedora-gcc, r-devel-windows-x86_64, r-patched-linux-x86_64, r-release-linux-x86_64, r-release-macos-arm64, r-release-windows-x86_64
These binaries (installable software) and packages are in development.
They may not be fully stable and should be used with caution. We make no claims about them.