Last updated on 2024-05-04 01:49:02 CEST.
Flavor | Version | Tinstall | Tcheck | Ttotal | Status | Flags |
---|---|---|---|---|---|---|
r-devel-linux-x86_64-debian-clang | 0.3.5 | 4.92 | 41.87 | 46.79 | NOTE | |
r-devel-linux-x86_64-fedora-clang | 0.3.5 | 59.50 | NOTE | |||
r-devel-linux-x86_64-fedora-gcc | 0.3.5 | 55.71 | NOTE | |||
r-devel-windows-x86_64 | 0.3.5 | 6.00 | 51.00 | 57.00 | NOTE | |
r-patched-linux-x86_64 | 0.3.5 | 3.68 | 41.25 | 44.93 | NOTE | |
r-release-linux-x86_64 | 0.3.5 | 4.20 | 40.14 | 44.34 | NOTE | |
r-release-macos-arm64 | 0.3.5 | 26.00 | NOTE | |||
r-release-windows-x86_64 | 0.3.5 | 4.00 | 50.00 | 54.00 | NOTE | |
r-oldrel-macos-arm64 | 0.3.5 | 22.00 | NOTE | |||
r-oldrel-macos-x86_64 | 0.3.5 | 31.00 | NOTE | |||
r-oldrel-windows-x86_64 | 0.3.5 | 6.00 | 53.00 | 59.00 | NOTE |
Version: 0.3.5
Check: package subdirectories
Result: NOTE
Problems with news in ‘NEWS.md’:
No news entries found.
Flavors: r-devel-linux-x86_64-debian-clang, r-devel-linux-x86_64-fedora-clang, r-devel-linux-x86_64-fedora-gcc, r-devel-windows-x86_64, r-patched-linux-x86_64, r-release-linux-x86_64, r-release-macos-arm64, r-release-windows-x86_64, r-oldrel-macos-arm64, r-oldrel-macos-x86_64, r-oldrel-windows-x86_64
These binaries (installable software) and packages are in development.
They may not be fully stable and should be used with caution. We make no claims about them.