Last updated on 2024-05-04 01:49:03 CEST.
Flavor | Version | Tinstall | Tcheck | Ttotal | Status | Flags |
---|---|---|---|---|---|---|
r-devel-linux-x86_64-debian-clang | 4.20.0 | 38.43 | 1020.91 | 1059.34 | OK | |
r-devel-linux-x86_64-fedora-clang | 4.20.0 | 1264.92 | NOTE | |||
r-devel-linux-x86_64-fedora-gcc | 4.20.0 | 1227.40 | NOTE | |||
r-devel-windows-x86_64 | 4.20.0 | 38.00 | 821.00 | 859.00 | NOTE | |
r-patched-linux-x86_64 | 4.20.0 | 64.99 | 984.20 | 1049.19 | OK | |
r-release-linux-x86_64 | 4.20.0 | 29.67 | 1001.59 | 1031.26 | OK | |
r-release-macos-arm64 | 4.20.0 | 300.00 | NOTE | |||
r-release-macos-x86_64 | 4.20.0 | 746.00 | NOTE | |||
r-release-windows-x86_64 | 4.20.0 | 38.00 | 789.00 | 827.00 | NOTE | |
r-oldrel-macos-arm64 | 4.20.0 | 303.00 | NOTE | |||
r-oldrel-macos-x86_64 | 4.20.0 | 738.00 | NOTE | |||
r-oldrel-windows-x86_64 | 4.20.0 | 50.00 | 1051.00 | 1101.00 | NOTE |
Version: 4.20.0
Check: package dependencies
Result: NOTE
Imports includes 25 non-default packages.
Importing from so many packages makes the package vulnerable to any of
them becoming unavailable. Move as many as possible to Suggests and
use conditionally.
Flavor: r-devel-linux-x86_64-fedora-clang
Version: 4.20.0
Check: installed package size
Result: NOTE
installed size is 6.0Mb
sub-directories of 1Mb or more:
R 1.0Mb
help 4.4Mb
Flavors: r-devel-linux-x86_64-fedora-clang, r-devel-windows-x86_64, r-release-macos-arm64, r-release-macos-x86_64, r-release-windows-x86_64, r-oldrel-macos-arm64, r-oldrel-macos-x86_64, r-oldrel-windows-x86_64
Version: 4.20.0
Check: dependencies in R code
Result: NOTE
Namespaces in Imports field not imported from:
‘foreign’ ‘psychTools’ ‘pwr’ ‘rmarkdown’
All declared Imports should be used.
Flavors: r-devel-linux-x86_64-fedora-clang, r-devel-linux-x86_64-fedora-gcc
These binaries (installable software) and packages are in development.
They may not be fully stable and should be used with caution. We make no claims about them.