Last updated on 2024-05-04 01:49:03 CEST.
Flavor | Version | Tinstall | Tcheck | Ttotal | Status | Flags |
---|---|---|---|---|---|---|
r-devel-linux-x86_64-debian-clang | 1.1.1 | 47.40 | 117.29 | 164.69 | NOTE | |
r-devel-linux-x86_64-fedora-clang | 1.1.1 | 213.31 | NOTE | |||
r-devel-linux-x86_64-fedora-gcc | 1.1.1 | 204.18 | NOTE | |||
r-devel-windows-x86_64 | 1.1.1 | 40.00 | 122.00 | 162.00 | NOTE | |
r-patched-linux-x86_64 | 1.1.1 | 33.09 | 104.69 | 137.78 | NOTE | |
r-release-linux-x86_64 | 1.1.1 | 33.81 | 108.27 | 142.08 | NOTE | |
r-release-macos-arm64 | 1.1.1 | 53.00 | NOTE | |||
r-release-windows-x86_64 | 1.1.1 | 39.00 | 120.00 | 159.00 | NOTE | |
r-oldrel-macos-arm64 | 1.1.1 | 57.00 | NOTE | |||
r-oldrel-macos-x86_64 | 1.1.1 | 103.00 | NOTE | |||
r-oldrel-windows-x86_64 | 1.1.1 | 48.00 | 147.00 | 195.00 | NOTE |
Version: 1.1.1
Check: package subdirectories
Result: NOTE
Problems with news in ‘NEWS.md’:
No news entries found.
Flavors: r-devel-linux-x86_64-debian-clang, r-devel-linux-x86_64-fedora-clang, r-devel-linux-x86_64-fedora-gcc, r-devel-windows-x86_64, r-patched-linux-x86_64, r-release-linux-x86_64, r-release-macos-arm64, r-release-windows-x86_64, r-oldrel-macos-arm64, r-oldrel-macos-x86_64, r-oldrel-windows-x86_64
Version: 1.1.1
Check: LazyData
Result: NOTE
'LazyData' is specified without a 'data' directory
Flavors: r-devel-linux-x86_64-debian-clang, r-devel-linux-x86_64-fedora-clang, r-devel-linux-x86_64-fedora-gcc, r-devel-windows-x86_64, r-patched-linux-x86_64, r-release-linux-x86_64, r-release-macos-arm64, r-release-windows-x86_64, r-oldrel-macos-arm64, r-oldrel-macos-x86_64, r-oldrel-windows-x86_64
These binaries (installable software) and packages are in development.
They may not be fully stable and should be used with caution. We make no claims about them.