CRAN Package Check Results for Package ungroup

Last updated on 2025-10-23 21:51:47 CEST.

Flavor Version Tinstall Tcheck Ttotal Status Flags
r-devel-linux-x86_64-debian-clang 1.4.4 36.90 103.69 140.59 NOTE
r-devel-linux-x86_64-debian-gcc 1.4.4 28.21 82.71 110.92 OK
r-devel-linux-x86_64-fedora-clang 1.4.4 111.00 120.37 231.37 OK
r-devel-linux-x86_64-fedora-gcc 1.4.4 80.00 157.61 237.61 OK
r-devel-windows-x86_64 1.4.4 39.00 146.00 185.00 OK
r-patched-linux-x86_64 1.4.4 41.18 107.91 149.09 OK
r-release-linux-x86_64 1.4.4 36.35 108.09 144.44 OK
r-release-macos-arm64 1.4.4 18.00 58.00 76.00 OK
r-release-macos-x86_64 1.4.4 29.00 171.00 200.00 OK
r-release-windows-x86_64 1.4.4 40.00 156.00 196.00 OK
r-oldrel-macos-arm64 1.4.4 17.00 52.00 69.00 NOTE
r-oldrel-macos-x86_64 1.4.4 23.00 81.00 104.00 NOTE
r-oldrel-windows-x86_64 1.4.4 50.00 176.00 226.00 OK

Check Details

Version: 1.4.4
Check: HTML version of manual
Result: NOTE Found the following HTML validation problems: build_C_matrix.html:74:1 (build_C_matrix.Rd:28): Warning: missing </ul> before </div> build_P_matrix.html:60:1 (build_P_matrix.Rd:18): Warning: missing </ul> before </div> compute_standard_errors.html:54:1 (compute_standard_errors.Rd:14): Warning: missing </ul> before </div> create.artificial.bin.html:57:1 (create.artificial.bin.Rd:16): Warning: missing </ul> before </div> delete.artificial.bin.html:46:1 (delete.artificial.bin.Rd:10): Warning: missing </ul> before </div> frac.html:46:1 (frac.Rd:10): Warning: missing </ul> before </div> map.bins.html:58:1 (map.bins.Rd:18): Warning: missing </ul> before </div> ofun.html:55:1 (ofun.Rd:15): Warning: missing </ul> before </div> optimize_par.html:59:1 (optimize_par.Rd:17): Warning: missing </ul> before </div> pclm.confidence.html:76:1 (pclm.confidence.Rd:28): Warning: missing </ul> before </div> pclm.confidence.dx.html:46:1 (pclm.confidence.dx.Rd:10): Warning: missing </ul> before </div> pclm.confidence.mx.html:46:1 (pclm.confidence.mx.Rd:10): Warning: missing </ul> before </div> pclm.fit.html:124:1 (pclm.fit.Rd:63): Warning: missing </ul> before </div> pclm.input.check.html:46:1 (pclm.input.check.Rd:10): Warning: missing </ul> before </div> print.pclm.html:51:1 (print.pclm.Rd:12): Warning: missing </ul> before </div> print.pclm2D.html:51:1 (print.pclm2D.Rd:12): Warning: missing </ul> before </div> print.summary.pclm.html:51:1 (print.summary.pclm.Rd:12): Warning: missing </ul> before </div> print.summary.pclm2D.html:51:1 (print.summary.pclm2D.Rd:12): Warning: missing </ul> before </div> print.ungroup.data.html:51:1 (print.ungroup.data.Rd:12): Warning: missing </ul> before </div> seqlast.html:52:1 (seqlast.Rd:14): Warning: missing </ul> before </div> suggest.valid.out.step.html:52:1 (suggest.valid.out.step.Rd:13): Warning: missing </ul> before </div> summary.pclm.html:51:1 (summary.pclm.Rd:12): Warning: missing </ul> before </div> summary.pclm2D.html:55:1 (summary.pclm2D.Rd:14): Warning: missing </ul> before </div> validate.nlast.html:60:1 (validate.nlast.Rd:19): Warning: missing </ul> before </div> Flavor: r-devel-linux-x86_64-debian-clang

Version: 1.4.4
Check: installed package size
Result: NOTE installed size is 13.9Mb sub-directories of 1Mb or more: libs 13.2Mb Flavors: r-oldrel-macos-arm64, r-oldrel-macos-x86_64

These binaries (installable software) and packages are in development.
They may not be fully stable and should be used with caution. We make no claims about them.