Last updated on 2025-10-25 11:48:53 CEST.
| Flavor | Version | Tinstall | Tcheck | Ttotal | Status | Flags |
|---|---|---|---|---|---|---|
| r-devel-linux-x86_64-debian-clang | 1.1 | 4.17 | 69.43 | 73.60 | NOTE | |
| r-devel-linux-x86_64-debian-gcc | 1.1 | 4.13 | 52.50 | 56.63 | NOTE | |
| r-devel-linux-x86_64-fedora-clang | 1.1 | 32.00 | 89.73 | 121.73 | OK | |
| r-devel-linux-x86_64-fedora-gcc | 1.1 | 14.00 | 102.09 | 116.09 | OK | |
| r-devel-windows-x86_64 | 1.1 | 8.00 | 94.00 | 102.00 | OK | |
| r-patched-linux-x86_64 | 1.1 | 5.48 | 66.51 | 71.99 | OK | |
| r-release-linux-x86_64 | 1.1 | 5.56 | 66.73 | 72.29 | OK | |
| r-release-macos-arm64 | 1.1 | 3.00 | 40.00 | 43.00 | OK | |
| r-release-macos-x86_64 | 1.1 | 5.00 | 54.00 | 59.00 | OK | |
| r-release-windows-x86_64 | 1.1 | 8.00 | 97.00 | 105.00 | OK | |
| r-oldrel-macos-arm64 | 1.1 | 3.00 | 36.00 | 39.00 | OK | |
| r-oldrel-macos-x86_64 | 1.1 | 5.00 | 45.00 | 50.00 | OK | |
| r-oldrel-windows-x86_64 | 1.1 | 10.00 | 113.00 | 123.00 | OK |
Version: 1.1
Check: CRAN incoming feasibility
Result: NOTE
Maintainer: ‘Claudia Koellmann <koellmann@statistik.tu-dortmund.de>’
No Authors@R field in DESCRIPTION.
Please add one, modifying
Authors@R: person(given = "Claudia",
family = "Koellmann",
role = c("aut", "cre"),
email = "koellmann@statistik.tu-dortmund.de")
as necessary.
Flavors: r-devel-linux-x86_64-debian-clang, r-devel-linux-x86_64-debian-gcc
These binaries (installable software) and packages are in development.
They may not be fully stable and should be used with caution. We make no claims about them.