Last updated on 2025-10-23 17:51:08 CEST.
Flavor | Version | Tinstall | Tcheck | Ttotal | Status | Flags |
---|---|---|---|---|---|---|
r-devel-linux-x86_64-debian-clang | 0.5.0 | 3.79 | 41.30 | 45.09 | NOTE | |
r-devel-linux-x86_64-debian-gcc | 0.5.0 | 3.34 | 34.10 | 37.44 | NOTE | |
r-devel-linux-x86_64-fedora-clang | 0.5.0 | 11.00 | 61.66 | 72.66 | OK | |
r-devel-linux-x86_64-fedora-gcc | 0.5.0 | 11.00 | 69.07 | 80.07 | OK | |
r-devel-windows-x86_64 | 0.5.0 | 8.00 | 247.00 | 255.00 | OK | |
r-patched-linux-x86_64 | 0.5.0 | 3.92 | 39.07 | 42.99 | OK | |
r-release-linux-x86_64 | 0.5.0 | 3.72 | 39.84 | 43.56 | OK | |
r-release-macos-arm64 | 0.5.0 | 3.00 | 62.00 | 65.00 | OK | |
r-release-macos-x86_64 | 0.5.0 | 3.00 | 52.00 | 55.00 | OK | |
r-release-windows-x86_64 | 0.5.0 | 7.00 | 67.00 | 74.00 | OK | |
r-oldrel-macos-arm64 | 0.5.0 | 2.00 | 26.00 | 28.00 | OK | |
r-oldrel-macos-x86_64 | 0.5.0 | 3.00 | 40.00 | 43.00 | OK | |
r-oldrel-windows-x86_64 | 0.5.0 | 8.00 | 74.00 | 82.00 | OK |
Version: 0.5.0
Check: CRAN incoming feasibility
Result: NOTE
Maintainer: ‘Stéphane Laurent <laurent_step@outlook.fr>’
No Authors@R field in DESCRIPTION.
Please add one, modifying
Authors@R: person(given = "Stéphane",
family = "Laurent",
role = c("aut", "cre"),
email = "laurent_step@outlook.fr")
as necessary.
Flavors: r-devel-linux-x86_64-debian-clang, r-devel-linux-x86_64-debian-gcc
These binaries (installable software) and packages are in development.
They may not be fully stable and should be used with caution. We make no claims about them.