Last updated on 2025-10-23 21:51:47 CEST.
Flavor | Version | Tinstall | Tcheck | Ttotal | Status | Flags |
---|---|---|---|---|---|---|
r-devel-linux-x86_64-debian-clang | 1.4.22 | 18.31 | 201.89 | 220.20 | NOTE | |
r-devel-linux-x86_64-debian-gcc | 1.4.23 | 12.55 | 144.99 | 157.54 | OK | |
r-devel-linux-x86_64-fedora-clang | 1.4.23 | 161.00 | 202.56 | 363.56 | OK | |
r-devel-linux-x86_64-fedora-gcc | 1.4.23 | 120.00 | 311.47 | 431.47 | OK | |
r-devel-windows-x86_64 | 1.4.22 | 19.00 | 224.00 | 243.00 | OK | |
r-patched-linux-x86_64 | 1.4.22 | 18.83 | 193.36 | 212.19 | OK | |
r-release-linux-x86_64 | 1.4.22 | 19.45 | 191.85 | 211.30 | OK | |
r-release-macos-arm64 | 1.4.23 | 7.00 | 170.00 | 177.00 | OK | |
r-release-macos-x86_64 | 1.4.23 | 26.00 | 403.00 | 429.00 | OK | |
r-release-windows-x86_64 | 1.4.22 | 19.00 | 230.00 | 249.00 | OK | |
r-oldrel-macos-arm64 | 1.4.23 | 7.00 | 150.00 | 157.00 | OK | |
r-oldrel-macos-x86_64 | 1.4.23 | 28.00 | 392.00 | 420.00 | OK | |
r-oldrel-windows-x86_64 | 1.4.22 | 22.00 | 291.00 | 313.00 | OK |
Version: 1.4.22
Check: HTML version of manual
Result: NOTE
Found the following HTML validation problems:
length-unitizerSection-method.html:47:1 (length-unitizerSection-method.Rd:10): Warning: missing </ul> before </div>
testthat_transcribe_file.html:101:1 (testthat_transcribe_file.Rd:44): Warning: missing </ul> before </div>
Flavor: r-devel-linux-x86_64-debian-clang
These binaries (installable software) and packages are in development.
They may not be fully stable and should be used with caution. We make no claims about them.