Last updated on 2025-07-01 15:50:05 CEST.
Flavor | Version | Tinstall | Tcheck | Ttotal | Status | Flags |
---|---|---|---|---|---|---|
r-devel-linux-x86_64-debian-clang | 0.6.0 | 2.46 | 30.34 | 32.80 | OK | |
r-devel-linux-x86_64-debian-gcc | 0.6.0 | 1.87 | 24.86 | 26.73 | OK | |
r-devel-linux-x86_64-fedora-clang | 0.6.0 | 49.76 | OK | |||
r-devel-linux-x86_64-fedora-gcc | 0.6.0 | 49.88 | OK | |||
r-devel-windows-x86_64 | 0.6.0 | 5.00 | 48.00 | 53.00 | OK | |
r-patched-linux-x86_64 | OK | |||||
r-release-linux-x86_64 | 0.6.0 | 2.04 | 27.51 | 29.55 | OK | |
r-release-macos-arm64 | 0.6.0 | 22.00 | OK | |||
r-release-macos-x86_64 | 0.6.0 | 39.00 | OK | |||
r-release-windows-x86_64 | 0.6.0 | 5.00 | 50.00 | 55.00 | OK | |
r-oldrel-macos-arm64 | 0.6.0 | 24.00 | NOTE | |||
r-oldrel-macos-x86_64 | 0.6.0 | 40.00 | NOTE | |||
r-oldrel-windows-x86_64 | 0.6.0 | 6.00 | 55.00 | 61.00 | NOTE |
Version: 0.6.0
Check: installed package size
Result: NOTE
installed size is 9.8Mb
sub-directories of 1Mb or more:
extdata 9.7Mb
Flavors: r-oldrel-macos-arm64, r-oldrel-macos-x86_64, r-oldrel-windows-x86_64
These binaries (installable software) and packages are in development.
They may not be fully stable and should be used with caution. We make no claims about them.