Last updated on 2024-05-04 01:49:03 CEST.
Flavor | Version | Tinstall | Tcheck | Ttotal | Status | Flags |
---|---|---|---|---|---|---|
r-devel-linux-x86_64-debian-clang | 1.2.1 | 9.77 | 93.53 | 103.30 | OK | |
r-devel-linux-x86_64-fedora-clang | 1.2.1 | 133.92 | NOTE | |||
r-devel-linux-x86_64-fedora-gcc | 1.2.1 | 120.64 | NOTE | |||
r-devel-windows-x86_64 | 1.2.1 | 12.00 | 92.00 | 104.00 | OK | |
r-patched-linux-x86_64 | 1.2.1 | 8.07 | 87.00 | 95.07 | OK | |
r-release-linux-x86_64 | 1.2.1 | 9.11 | 89.43 | 98.54 | OK | |
r-release-macos-arm64 | 1.2.1 | 41.00 | OK | |||
r-release-windows-x86_64 | 1.2.1 | 11.00 | 93.00 | 104.00 | OK | |
r-oldrel-macos-arm64 | 1.2.1 | 45.00 | OK | |||
r-oldrel-macos-x86_64 | 1.2.1 | 70.00 | OK | |||
r-oldrel-windows-x86_64 | 1.2.1 | 13.00 | 113.00 | 126.00 | OK |
Version: 1.2.1
Check: dependencies in R code
Result: NOTE
Namespaces in Imports field not imported from:
‘DT’ ‘maps’ ‘readr’
All declared Imports should be used.
Flavors: r-devel-linux-x86_64-fedora-clang, r-devel-linux-x86_64-fedora-gcc
These binaries (installable software) and packages are in development.
They may not be fully stable and should be used with caution. We make no claims about them.