Last updated on 2024-05-04 01:49:03 CEST.
Flavor | Version | Tinstall | Tcheck | Ttotal | Status | Flags |
---|---|---|---|---|---|---|
r-devel-linux-x86_64-debian-clang | 0.7.2 | 4.73 | 84.35 | 89.08 | OK | |
r-devel-linux-x86_64-fedora-clang | 0.7.2 | 114.73 | NOTE | |||
r-devel-linux-x86_64-fedora-gcc | 0.7.2 | 118.13 | NOTE | |||
r-devel-windows-x86_64 | 0.7.2 | 5.00 | 85.00 | 90.00 | OK | |
r-patched-linux-x86_64 | 0.7.2 | 2.68 | 82.53 | 85.21 | OK | |
r-release-linux-x86_64 | 0.7.2 | 2.51 | 80.31 | 82.82 | OK | |
r-release-macos-arm64 | 0.7.2 | 40.00 | OK | |||
r-release-windows-x86_64 | 0.7.2 | 5.00 | 84.00 | 89.00 | OK | |
r-oldrel-macos-arm64 | 0.7.2 | 38.00 | OK | |||
r-oldrel-macos-x86_64 | 0.7.2 | 67.00 | OK | |||
r-oldrel-windows-x86_64 | 0.7.2 | 6.00 | 99.00 | 105.00 | OK |
Version: 0.7.2
Check: dependencies in R code
Result: NOTE
Namespace in Imports field not imported from: ‘testthat’
All declared Imports should be used.
Flavors: r-devel-linux-x86_64-fedora-clang, r-devel-linux-x86_64-fedora-gcc
These binaries (installable software) and packages are in development.
They may not be fully stable and should be used with caution. We make no claims about them.