Last updated on 2024-05-04 01:49:03 CEST.
Flavor | Version | Tinstall | Tcheck | Ttotal | Status | Flags |
---|---|---|---|---|---|---|
r-devel-linux-x86_64-debian-clang | 0.1.0 | 16.96 | 137.52 | 154.48 | NOTE | |
r-devel-linux-x86_64-fedora-clang | 0.1.0 | 195.78 | NOTE | |||
r-devel-linux-x86_64-fedora-gcc | 0.1.0 | 180.70 | NOTE | |||
r-devel-windows-x86_64 | 0.1.0 | 13.00 | 105.00 | 118.00 | NOTE | |
r-patched-linux-x86_64 | 0.1.0 | 10.64 | 129.15 | 139.79 | NOTE | |
r-release-linux-x86_64 | 0.1.0 | 9.83 | 127.47 | 137.30 | NOTE | |
r-release-macos-arm64 | 0.1.0 | 48.00 | NOTE | |||
r-release-windows-x86_64 | 0.1.0 | 13.00 | 104.00 | 117.00 | NOTE | |
r-oldrel-macos-arm64 | 0.1.0 | 54.00 | NOTE | |||
r-oldrel-macos-x86_64 | 0.1.0 | 93.00 | NOTE | |||
r-oldrel-windows-x86_64 | 0.1.0 | 18.00 | 137.00 | 155.00 | NOTE |
Version: 0.1.0
Check: LazyData
Result: NOTE
'LazyData' is specified without a 'data' directory
Flavors: r-devel-linux-x86_64-debian-clang, r-devel-linux-x86_64-fedora-clang, r-devel-linux-x86_64-fedora-gcc, r-devel-windows-x86_64, r-patched-linux-x86_64, r-release-linux-x86_64, r-release-macos-arm64, r-release-windows-x86_64, r-oldrel-macos-arm64, r-oldrel-macos-x86_64, r-oldrel-windows-x86_64
These binaries (installable software) and packages are in development.
They may not be fully stable and should be used with caution. We make no claims about them.