Last updated on 2024-05-04 01:49:03 CEST.
Flavor | Version | Tinstall | Tcheck | Ttotal | Status | Flags |
---|---|---|---|---|---|---|
r-devel-linux-x86_64-debian-clang | 0.6.5 | 51.42 | 279.56 | 330.98 | NOTE | |
r-devel-linux-x86_64-fedora-clang | 0.6.5 | 383.49 | NOTE | |||
r-devel-linux-x86_64-fedora-gcc | 0.6.5 | 341.82 | NOTE | |||
r-devel-windows-x86_64 | 0.6.5 | 74.00 | 225.00 | 299.00 | NOTE | |
r-patched-linux-x86_64 | 0.6.5 | 52.35 | 262.39 | 314.74 | OK | |
r-release-linux-x86_64 | 0.6.5 | 49.00 | 257.11 | 306.11 | OK | |
r-release-macos-arm64 | 0.6.5 | 115.00 | OK | |||
r-release-windows-x86_64 | 0.6.5 | 68.00 | 228.00 | 296.00 | OK | |
r-oldrel-macos-arm64 | 0.6.5 | 119.00 | OK | |||
r-oldrel-macos-x86_64 | 0.6.5 | 269.00 | OK | |||
r-oldrel-windows-x86_64 | 0.6.5 | 2.00 | 6.00 | 8.00 | ERROR |
Version: 0.6.5
Check: compiled code
Result: NOTE
File ‘vctrs/libs/vctrs.so’:
Found non-API calls to R: ‘R_PromiseExpr’, ‘SETLENGTH’, ‘SET_ENCLOS’,
‘SET_S4_OBJECT’, ‘SET_TRUELENGTH’, ‘STDVEC_DATAPTR’,
‘UNSET_S4_OBJECT’
Compiled code should not call non-API entry points in R.
See ‘Writing portable packages’ in the ‘Writing R Extensions’ manual.
Flavors: r-devel-linux-x86_64-debian-clang, r-devel-linux-x86_64-fedora-clang, r-devel-linux-x86_64-fedora-gcc
Version: 0.6.5
Check: compiled code
Result: NOTE
File 'vctrs/libs/x64/vctrs.dll':
Found non-API calls to R: 'R_PromiseExpr', 'SETLENGTH', 'SET_ENCLOS',
'SET_S4_OBJECT', 'SET_TRUELENGTH', 'STDVEC_DATAPTR',
'UNSET_S4_OBJECT'
Compiled code should not call non-API entry points in R.
See 'Writing portable packages' in the 'Writing R Extensions' manual.
Flavor: r-devel-windows-x86_64
Version: 0.6.5
Check: whether package can be installed
Result: ERROR
Installation failed.
Flavor: r-oldrel-windows-x86_64
These binaries (installable software) and packages are in development.
They may not be fully stable and should be used with caution. We make no claims about them.