Last updated on 2024-05-04 01:49:03 CEST.
Flavor | Version | Tinstall | Tcheck | Ttotal | Status | Flags |
---|---|---|---|---|---|---|
r-devel-linux-x86_64-debian-clang | 0.1.8 | 10.95 | 136.78 | 147.73 | OK | |
r-devel-linux-x86_64-fedora-clang | 0.1.8 | 182.29 | NOTE | |||
r-devel-linux-x86_64-fedora-gcc | 0.1.8 | 182.36 | NOTE | |||
r-devel-windows-x86_64 | 0.1.8 | 13.00 | 128.00 | 141.00 | OK | |
r-patched-linux-x86_64 | 0.1.8 | 14.81 | 127.06 | 141.87 | OK | |
r-release-linux-x86_64 | 0.1.8 | 8.97 | 128.82 | 137.79 | OK | |
r-release-macos-arm64 | 0.1.8 | 55.00 | OK | |||
r-release-windows-x86_64 | 0.1.8 | 13.00 | 124.00 | 137.00 | OK | |
r-oldrel-macos-arm64 | 0.1.8 | 61.00 | OK | |||
r-oldrel-macos-x86_64 | 0.1.8 | 106.00 | OK | |||
r-oldrel-windows-x86_64 | 0.1.8 | 17.00 | 158.00 | 175.00 | OK |
Version: 0.1.8
Check: data for non-ASCII characters
Result: NOTE
Note: found 128 marked UTF-8 strings
Flavors: r-devel-linux-x86_64-fedora-clang, r-devel-linux-x86_64-fedora-gcc
These binaries (installable software) and packages are in development.
They may not be fully stable and should be used with caution. We make no claims about them.