Last updated on 2024-05-04 01:49:03 CEST.
Flavor | Version | Tinstall | Tcheck | Ttotal | Status | Flags |
---|---|---|---|---|---|---|
r-devel-linux-x86_64-debian-clang | 1.4.0 | 9.90 | 93.64 | 103.54 | NOTE | |
r-devel-linux-x86_64-fedora-clang | 1.4.0 | 130.87 | NOTE | |||
r-devel-linux-x86_64-fedora-gcc | 1.4.0 | 125.17 | NOTE | |||
r-devel-windows-x86_64 | 1.4.0 | 11.00 | 94.00 | 105.00 | NOTE | |
r-patched-linux-x86_64 | 1.4.0 | 10.48 | 89.73 | 100.21 | NOTE | |
r-release-linux-x86_64 | 1.4.0 | 12.09 | 91.01 | 103.10 | NOTE | |
r-release-macos-arm64 | 1.4.0 | 37.00 | NOTE | |||
r-release-windows-x86_64 | 1.4.0 | 11.00 | 93.00 | 104.00 | NOTE | |
r-oldrel-macos-arm64 | 1.4.0 | 43.00 | NOTE | |||
r-oldrel-macos-x86_64 | 1.4.0 | 70.00 | NOTE | |||
r-oldrel-windows-x86_64 | 1.4.0 | 13.00 | 110.00 | 123.00 | NOTE |
Version: 1.4.0
Check: LazyData
Result: NOTE
'LazyData' is specified without a 'data' directory
Flavors: r-devel-linux-x86_64-debian-clang, r-devel-linux-x86_64-fedora-clang, r-devel-linux-x86_64-fedora-gcc, r-devel-windows-x86_64, r-patched-linux-x86_64, r-release-linux-x86_64, r-release-macos-arm64, r-release-windows-x86_64, r-oldrel-macos-arm64, r-oldrel-macos-x86_64, r-oldrel-windows-x86_64
These binaries (installable software) and packages are in development.
They may not be fully stable and should be used with caution. We make no claims about them.