Last updated on 2024-05-04 01:49:03 CEST.
Flavor | Version | Tinstall | Tcheck | Ttotal | Status | Flags |
---|---|---|---|---|---|---|
r-devel-linux-x86_64-debian-clang | 1.1.1 | 26.42 | 96.84 | 123.26 | NOTE | |
r-devel-linux-x86_64-fedora-clang | 1.1.1 | 158.08 | NOTE | |||
r-devel-linux-x86_64-fedora-gcc | 1.1.1 | 162.53 | NOTE | |||
r-devel-windows-x86_64 | 1.1.1 | 20.00 | 96.00 | 116.00 | NOTE | |
r-patched-linux-x86_64 | 1.1.1 | 21.79 | 93.77 | 115.56 | NOTE | |
r-release-linux-x86_64 | 1.1.1 | 17.75 | 90.53 | 108.28 | NOTE | |
r-release-macos-arm64 | 1.1.1 | 46.00 | NOTE | |||
r-release-windows-x86_64 | 1.1.1 | 19.00 | 95.00 | 114.00 | NOTE | |
r-oldrel-macos-arm64 | 1.1.1 | 49.00 | OK | |||
r-oldrel-macos-x86_64 | 1.1.1 | 72.00 | OK | |||
r-oldrel-windows-x86_64 | 1.1.1 | 23.00 | 113.00 | 136.00 | OK |
Version: 1.1.1
Check: Rd files
Result: NOTE
checkRd: (-1) phasePortrait.Rd:350: Lost braces; missing escapes or markup?
350 | \code{vMod = xMod^(1/lambda)} and {vArg = xArg^(1/lambda)}\cr\cr
| ^
Flavors: r-devel-linux-x86_64-debian-clang, r-devel-linux-x86_64-fedora-clang, r-devel-linux-x86_64-fedora-gcc, r-devel-windows-x86_64, r-patched-linux-x86_64, r-release-linux-x86_64, r-release-macos-arm64, r-release-windows-x86_64
These binaries (installable software) and packages are in development.
They may not be fully stable and should be used with caution. We make no claims about them.