Last updated on 2024-05-04 01:49:03 CEST.
Flavor | Version | Tinstall | Tcheck | Ttotal | Status | Flags |
---|---|---|---|---|---|---|
r-devel-linux-x86_64-debian-clang | 1.0.2 | 10.31 | 195.20 | 205.51 | OK | |
r-devel-linux-x86_64-fedora-clang | 1.0.2 | 250.13 | NOTE | |||
r-devel-linux-x86_64-fedora-gcc | 1.0.2 | 264.94 | NOTE | |||
r-devel-windows-x86_64 | 1.0.2 | 11.00 | 153.00 | 164.00 | OK | |
r-patched-linux-x86_64 | 1.0.2 | 15.65 | 184.69 | 200.34 | OK | |
r-release-linux-x86_64 | 1.0.2 | 5.97 | 187.31 | 193.28 | OK | |
r-release-macos-arm64 | 1.0.2 | 75.00 | OK | |||
r-release-macos-x86_64 | 1.0.2 | 213.00 | OK | |||
r-release-windows-x86_64 | 1.0.2 | 10.00 | 151.00 | 161.00 | OK | |
r-oldrel-macos-arm64 | 1.0.2 | 82.00 | OK | |||
r-oldrel-macos-x86_64 | 1.0.2 | 191.00 | OK | |||
r-oldrel-windows-x86_64 | 1.0.2 | 11.00 | 193.00 | 204.00 | OK |
Version: 1.0.2
Check: data for non-ASCII characters
Result: NOTE
Note: found 37 marked UTF-8 strings
Flavors: r-devel-linux-x86_64-fedora-clang, r-devel-linux-x86_64-fedora-gcc
These binaries (installable software) and packages are in development.
They may not be fully stable and should be used with caution. We make no claims about them.