Last updated on 2024-05-04 01:49:03 CEST.
Flavor | Version | Tinstall | Tcheck | Ttotal | Status | Flags |
---|---|---|---|---|---|---|
r-devel-linux-x86_64-debian-clang | 1.6.5 | 151.25 | 130.59 | 281.84 | NOTE | |
r-devel-linux-x86_64-fedora-clang | 1.6.5 | 360.83 | NOTE | |||
r-devel-linux-x86_64-fedora-gcc | 1.6.5 | 424.67 | NOTE | |||
r-devel-windows-x86_64 | 1.6.5 | 140.00 | 158.00 | 298.00 | NOTE | |
r-patched-linux-x86_64 | 1.6.5 | 158.61 | 123.64 | 282.25 | OK | |
r-release-linux-x86_64 | 1.6.5 | 157.31 | 126.67 | 283.98 | OK | |
r-release-macos-arm64 | 1.6.5 | 95.00 | NOTE | |||
r-release-windows-x86_64 | 1.6.5 | 140.00 | 147.00 | 287.00 | OK | |
r-oldrel-macos-arm64 | 1.6.5 | 94.00 | NOTE | |||
r-oldrel-macos-x86_64 | 1.6.5 | 135.00 | NOTE | |||
r-oldrel-windows-x86_64 | 1.6.5 | 164.00 | 177.00 | 341.00 | OK |
Version: 1.6.5
Check: compiled code
Result: NOTE
File ‘vroom/libs/vroom.so’:
Found non-API calls to R: ‘SETLENGTH’, ‘SET_TRUELENGTH’,
‘STDVEC_DATAPTR’
Compiled code should not call non-API entry points in R.
See ‘Writing portable packages’ in the ‘Writing R Extensions’ manual.
Flavors: r-devel-linux-x86_64-debian-clang, r-devel-linux-x86_64-fedora-clang, r-devel-linux-x86_64-fedora-gcc
Version: 1.6.5
Check: Rd cross-references
Result: NOTE
Undeclared package ‘readr’ in Rd xrefs
Flavor: r-devel-linux-x86_64-fedora-clang
Version: 1.6.5
Check: compiled code
Result: NOTE
File 'vroom/libs/x64/vroom.dll':
Found non-API calls to R: 'SETLENGTH', 'SET_TRUELENGTH',
'STDVEC_DATAPTR'
Compiled code should not call non-API entry points in R.
See 'Writing portable packages' in the 'Writing R Extensions' manual.
Flavor: r-devel-windows-x86_64
Version: 1.6.5
Check: installed package size
Result: NOTE
installed size is 9.9Mb
sub-directories of 1Mb or more:
libs 8.4Mb
Flavors: r-release-macos-arm64, r-oldrel-macos-arm64, r-oldrel-macos-x86_64
These binaries (installable software) and packages are in development.
They may not be fully stable and should be used with caution. We make no claims about them.