Last updated on 2024-05-04 01:49:03 CEST.
Flavor | Version | Tinstall | Tcheck | Ttotal | Status | Flags |
---|---|---|---|---|---|---|
r-devel-linux-x86_64-debian-clang | 1.1.0 | 2.82 | 229.82 | 232.64 | NOTE | |
r-devel-linux-x86_64-fedora-clang | 1.1.0 | 277.87 | NOTE | |||
r-devel-linux-x86_64-fedora-gcc | 1.1.0 | 278.53 | NOTE | |||
r-devel-windows-x86_64 | 1.1.0 | 3.00 | 193.00 | 196.00 | NOTE | |
r-patched-linux-x86_64 | 1.1.0 | 1.67 | 213.11 | 214.78 | NOTE | |
r-release-linux-x86_64 | 1.1.0 | 2.45 | 216.85 | 219.30 | NOTE | |
r-release-macos-arm64 | 1.1.0 | 63.00 | NOTE | |||
r-release-windows-x86_64 | 1.1.0 | 3.00 | 189.00 | 192.00 | NOTE | |
r-oldrel-macos-arm64 | 1.1.0 | 79.00 | NOTE | |||
r-oldrel-macos-x86_64 | 1.1.0 | 128.00 | NOTE | |||
r-oldrel-windows-x86_64 | 1.1.0 | 4.00 | 228.00 | 232.00 | NOTE |
Version: 1.1.0
Check: LazyData
Result: NOTE
'LazyData' is specified without a 'data' directory
Flavors: r-devel-linux-x86_64-debian-clang, r-devel-linux-x86_64-fedora-clang, r-devel-linux-x86_64-fedora-gcc, r-devel-windows-x86_64, r-patched-linux-x86_64, r-release-linux-x86_64, r-release-macos-arm64, r-release-windows-x86_64, r-oldrel-macos-arm64, r-oldrel-macos-x86_64, r-oldrel-windows-x86_64
These binaries (installable software) and packages are in development.
They may not be fully stable and should be used with caution. We make no claims about them.