Last updated on 2024-05-04 01:49:03 CEST.
Flavor | Version | Tinstall | Tcheck | Ttotal | Status | Flags |
---|---|---|---|---|---|---|
r-devel-linux-x86_64-debian-clang | 0.0.7 | 12.12 | 68.66 | 80.78 | OK | |
r-devel-linux-x86_64-fedora-clang | 0.0.7 | 100.56 | NOTE | |||
r-devel-linux-x86_64-fedora-gcc | 0.0.7 | 108.65 | NOTE | |||
r-devel-windows-x86_64 | 0.0.7 | 12.00 | 83.00 | 95.00 | OK | |
r-patched-linux-x86_64 | 0.0.7 | 9.36 | 68.89 | 78.25 | OK | |
r-release-linux-x86_64 | 0.0.7 | 6.38 | 67.51 | 73.89 | OK | |
r-release-macos-arm64 | 0.0.7 | 144.00 | OK | |||
r-release-macos-x86_64 | 0.0.7 | 240.00 | OK | |||
r-release-windows-x86_64 | 0.0.7 | 10.00 | 76.00 | 86.00 | ERROR | |
r-oldrel-macos-arm64 | 0.0.7 | 164.00 | OK | |||
r-oldrel-macos-x86_64 | 0.0.7 | 230.00 | OK | |||
r-oldrel-windows-x86_64 | 0.0.7 | 16.00 | 88.00 | 104.00 | OK |
Version: 0.0.7
Check: data for non-ASCII characters
Result: NOTE
Note: found 4413 marked UTF-8 strings
Flavors: r-devel-linux-x86_64-fedora-clang, r-devel-linux-x86_64-fedora-gcc
Version: 0.0.7
Check: re-building of vignette outputs
Result: ERROR
Error(s) in re-building vignettes:
--- re-building 'wcde.Rmd' using rmarkdown
Quitting from lines at lines 204-207 [unnamed-chunk-18] (wcde.Rmd)
Error: processing vignette 'wcde.Rmd' failed with diagnostics:
ℹ In argument: `d = purrr::map(.x = u, .f = ~read_with_progress(f =
.x))`.
Caused by error in `purrr::map()`:
ℹ In index: 1.
Caused by error in `readRDS()`:
! cannot open the connection to 'https://github.com/guyabel/wcde-data/raw/master/wcde-v2-single/2/etfr/edu.rds'
--- failed re-building 'wcde.Rmd'
SUMMARY: processing the following file failed:
'wcde.Rmd'
Error: Vignette re-building failed.
Execution halted
Flavor: r-release-windows-x86_64
These binaries (installable software) and packages are in development.
They may not be fully stable and should be used with caution. We make no claims about them.