Last updated on 2024-05-04 01:49:03 CEST.
Flavor | Version | Tinstall | Tcheck | Ttotal | Status | Flags |
---|---|---|---|---|---|---|
r-devel-linux-x86_64-debian-clang | 0.3.1 | 5.41 | 110.68 | 116.09 | OK | |
r-devel-linux-x86_64-fedora-clang | 0.3.1 | 157.92 | NOTE | |||
r-devel-linux-x86_64-fedora-gcc | 0.3.1 | 155.81 | NOTE | |||
r-devel-windows-x86_64 | 0.3.1 | 6.00 | 112.00 | 118.00 | OK | |
r-patched-linux-x86_64 | 0.3.1 | 5.87 | 112.78 | 118.65 | OK | |
r-release-linux-x86_64 | 0.1.0 | 4.78 | 50.82 | 55.60 | OK | |
r-release-macos-arm64 | 0.3.1 | 51.00 | OK | |||
r-release-macos-x86_64 | 0.3.1 | 141.00 | OK | |||
r-release-windows-x86_64 | 0.3.0 | 7.00 | 110.00 | 117.00 | OK | |
r-oldrel-macos-arm64 | 0.3.1 | 59.00 | OK | |||
r-oldrel-macos-x86_64 | 0.3.1 | 100.00 | OK | |||
r-oldrel-windows-x86_64 | 0.3.1 | 8.00 | 99.00 | 107.00 | OK |
Version: 0.3.1
Check: data for non-ASCII characters
Result: NOTE
Note: found 14 marked UTF-8 strings
Flavors: r-devel-linux-x86_64-fedora-clang, r-devel-linux-x86_64-fedora-gcc
These binaries (installable software) and packages are in development.
They may not be fully stable and should be used with caution. We make no claims about them.