Last updated on 2024-07-03 21:52:01 CEST.
Flavor | Version | Tinstall | Tcheck | Ttotal | Status | Flags |
---|---|---|---|---|---|---|
r-devel-linux-x86_64-debian-clang | 1.0.1 | 432.52 | 224.59 | 657.11 | OK | |
r-devel-linux-x86_64-debian-gcc | 1.0.1 | 363.20 | 189.36 | 552.56 | OK | |
r-devel-linux-x86_64-fedora-clang | 1.0.1 | 803.48 | NOTE | |||
r-devel-linux-x86_64-fedora-gcc | 1.0.1 | 1043.93 | NOTE | |||
r-devel-windows-x86_64 | 1.0.1 | 331.00 | 197.00 | 528.00 | OK | |
r-patched-linux-x86_64 | 1.0.1 | 303.30 | 246.59 | 549.89 | OK | |
r-release-linux-x86_64 | 1.0.1 | 314.35 | 249.25 | 563.60 | OK | |
r-release-macos-arm64 | 1.0.1 | 195.00 | NOTE | |||
r-release-macos-x86_64 | 1.0.1 | 327.00 | NOTE | |||
r-release-windows-x86_64 | 1.0.1 | 329.00 | 196.00 | 525.00 | OK | |
r-oldrel-macos-arm64 | 1.0.1 | 215.00 | NOTE | |||
r-oldrel-macos-x86_64 | 1.0.1 | 238.00 | NOTE | |||
r-oldrel-windows-x86_64 | 1.0.1 | 426.00 | 239.00 | 665.00 | OK |
Version: 1.0.1
Check: for GNU extensions in Makefiles
Result: NOTE
GNU make is a SystemRequirements.
Flavors: r-devel-linux-x86_64-fedora-clang, r-devel-linux-x86_64-fedora-gcc, r-release-macos-arm64, r-release-macos-x86_64, r-oldrel-macos-arm64, r-oldrel-macos-x86_64
Version: 1.0.1
Check: installed package size
Result: NOTE
installed size is 57.4Mb
sub-directories of 1Mb or more:
libs 57.0Mb
Flavors: r-release-macos-arm64, r-release-macos-x86_64, r-oldrel-macos-arm64, r-oldrel-macos-x86_64
These binaries (installable software) and packages are in development.
They may not be fully stable and should be used with caution. We make no claims about them.