Last updated on 2024-05-04 01:49:03 CEST.
Flavor | Version | Tinstall | Tcheck | Ttotal | Status | Flags |
---|---|---|---|---|---|---|
r-devel-linux-x86_64-debian-clang | 2.6 | 23.00 | 35.07 | 58.07 | OK | |
r-devel-linux-x86_64-fedora-clang | 2.6 | 78.98 | NOTE | |||
r-devel-linux-x86_64-fedora-gcc | 2.6 | 71.57 | NOTE | |||
r-devel-windows-x86_64 | 2.6 | 20.00 | 67.00 | 87.00 | OK | |
r-patched-linux-x86_64 | 2.6 | 19.38 | 34.03 | 53.41 | OK | |
r-release-linux-x86_64 | 2.6 | 17.78 | 34.61 | 52.39 | OK | |
r-release-macos-arm64 | 2.6 | 23.00 | OK | |||
r-release-windows-x86_64 | 2.6 | 20.00 | 66.00 | 86.00 | OK | |
r-oldrel-macos-arm64 | 2.6 | 26.00 | OK | |||
r-oldrel-macos-x86_64 | 2.6 | 39.00 | OK | |||
r-oldrel-windows-x86_64 | 2.6 | 22.00 | 75.00 | 97.00 | OK |
Version: 2.6
Check: data for non-ASCII characters
Result: NOTE
Note: found 2 marked UTF-8 strings
Flavors: r-devel-linux-x86_64-fedora-clang, r-devel-linux-x86_64-fedora-gcc
These binaries (installable software) and packages are in development.
They may not be fully stable and should be used with caution. We make no claims about them.