Last updated on 2024-05-04 01:49:03 CEST.
Flavor | Version | Tinstall | Tcheck | Ttotal | Status | Flags |
---|---|---|---|---|---|---|
r-devel-linux-x86_64-debian-clang | 0.2.1 | 3.86 | 36.58 | 40.44 | OK | |
r-devel-linux-x86_64-fedora-clang | 0.2.1 | 50.69 | NOTE | |||
r-devel-linux-x86_64-fedora-gcc | 0.2.1 | 60.94 | NOTE | |||
r-devel-windows-x86_64 | 0.2.1 | 5.00 | 52.00 | 57.00 | OK | |
r-patched-linux-x86_64 | 0.2.1 | 3.52 | 34.68 | 38.20 | OK | |
r-release-linux-x86_64 | 0.2.1 | 2.82 | 34.22 | 37.04 | OK | |
r-release-macos-arm64 | 0.2.1 | 27.00 | OK | |||
r-release-windows-x86_64 | 0.2.1 | 4.00 | 51.00 | 55.00 | OK | |
r-oldrel-macos-arm64 | 0.2.1 | 31.00 | OK | |||
r-oldrel-macos-x86_64 | 0.2.1 | 39.00 | OK | |||
r-oldrel-windows-x86_64 | 0.2.1 | 5.00 | 52.00 | 57.00 | OK |
Version: 0.2.1
Check: data for non-ASCII characters
Result: NOTE
Note: found 933 marked UTF-8 strings
Flavors: r-devel-linux-x86_64-fedora-clang, r-devel-linux-x86_64-fedora-gcc
These binaries (installable software) and packages are in development.
They may not be fully stable and should be used with caution. We make no claims about them.