Last updated on 2024-05-04 01:49:03 CEST.
Flavor | Version | Tinstall | Tcheck | Ttotal | Status | Flags |
---|---|---|---|---|---|---|
r-devel-linux-x86_64-debian-clang | 1.1.1 | 23.09 | 34.35 | 57.44 | NOTE | |
r-devel-linux-x86_64-fedora-clang | 1.1.1 | 85.78 | NOTE | |||
r-devel-linux-x86_64-fedora-gcc | 1.1.1 | 82.07 | NOTE | |||
r-devel-windows-x86_64 | 1.1.1 | 22.00 | 63.00 | 85.00 | NOTE | |
r-patched-linux-x86_64 | 1.1.1 | 21.94 | 34.00 | 55.94 | NOTE | |
r-release-linux-x86_64 | 1.1.1 | 20.73 | 33.49 | 54.22 | NOTE | |
r-release-macos-arm64 | 1.1.1 | 24.00 | NOTE | |||
r-release-windows-x86_64 | 1.1.1 | 21.00 | 62.00 | 83.00 | NOTE | |
r-oldrel-macos-arm64 | 1.1.1 | 26.00 | NOTE | |||
r-oldrel-macos-x86_64 | 1.1.1 | 39.00 | NOTE | |||
r-oldrel-windows-x86_64 | 1.1.1 | 25.00 | 74.00 | 99.00 | NOTE |
Version: 1.1.1
Check: LazyData
Result: NOTE
'LazyData' is specified without a 'data' directory
Flavors: r-devel-linux-x86_64-debian-clang, r-devel-linux-x86_64-fedora-clang, r-devel-linux-x86_64-fedora-gcc, r-devel-windows-x86_64, r-patched-linux-x86_64, r-release-linux-x86_64, r-release-macos-arm64, r-release-windows-x86_64, r-oldrel-macos-arm64, r-oldrel-macos-x86_64, r-oldrel-windows-x86_64
These binaries (installable software) and packages are in development.
They may not be fully stable and should be used with caution. We make no claims about them.