Last updated on 2024-05-04 01:49:04 CEST.
Flavor | Version | Tinstall | Tcheck | Ttotal | Status | Flags |
---|---|---|---|---|---|---|
r-devel-linux-x86_64-debian-clang | 0.2.3 | 11.47 | 78.26 | 89.73 | NOTE | |
r-devel-linux-x86_64-fedora-clang | 0.2.3 | 113.43 | NOTE | |||
r-devel-linux-x86_64-fedora-gcc | 0.2.3 | 116.59 | NOTE | |||
r-devel-windows-x86_64 | 0.2.3 | 12.00 | 73.00 | 85.00 | NOTE | |
r-patched-linux-x86_64 | 0.2.3 | 8.77 | 75.60 | 84.37 | NOTE | |
r-release-linux-x86_64 | 0.2.3 | 10.01 | 74.47 | 84.48 | NOTE | |
r-release-macos-arm64 | 0.2.3 | 40.00 | NOTE | |||
r-release-windows-x86_64 | 0.2.3 | 10.00 | 72.00 | 82.00 | NOTE | |
r-oldrel-macos-arm64 | 0.2.3 | 36.00 | NOTE | |||
r-oldrel-macos-x86_64 | 0.2.3 | 58.00 | NOTE | |||
r-oldrel-windows-x86_64 | 0.2.3 | 13.00 | 83.00 | 96.00 | NOTE |
Version: 0.2.3
Check: LazyData
Result: NOTE
'LazyData' is specified without a 'data' directory
Flavors: r-devel-linux-x86_64-debian-clang, r-devel-linux-x86_64-fedora-clang, r-devel-linux-x86_64-fedora-gcc, r-devel-windows-x86_64, r-patched-linux-x86_64, r-release-linux-x86_64, r-release-macos-arm64, r-release-windows-x86_64, r-oldrel-macos-arm64, r-oldrel-macos-x86_64, r-oldrel-windows-x86_64
These binaries (installable software) and packages are in development.
They may not be fully stable and should be used with caution. We make no claims about them.