Last updated on 2024-05-04 01:49:04 CEST.
Flavor | Version | Tinstall | Tcheck | Ttotal | Status | Flags |
---|---|---|---|---|---|---|
r-devel-linux-x86_64-debian-clang | 1.3.6 | 19.03 | 57.20 | 76.23 | OK | |
r-devel-linux-x86_64-fedora-clang | 1.3.6 | 119.04 | OK | |||
r-devel-linux-x86_64-fedora-gcc | 1.3.6 | 108.29 | OK | |||
r-devel-windows-x86_64 | 1.3.6 | 1.00 | 5.00 | 6.00 | ERROR | |
r-patched-linux-x86_64 | 1.3.6 | 19.24 | 55.09 | 74.33 | OK | |
r-release-linux-x86_64 | 1.3.6 | 17.70 | 55.31 | 73.01 | OK | |
r-release-macos-arm64 | 1.3.6 | 37.00 | OK | |||
r-release-windows-x86_64 | 1.3.6 | 34.00 | 83.00 | 117.00 | OK | |
r-oldrel-macos-arm64 | 1.3.6 | 58.00 | OK | |||
r-oldrel-macos-x86_64 | 1.3.6 | 118.00 | OK | |||
r-oldrel-windows-x86_64 | 1.3.6 | 37.00 | 97.00 | 134.00 | OK |
Version: 1.3.6
Check: whether package can be installed
Result: ERROR
Installation failed.
Flavor: r-devel-windows-x86_64
These binaries (installable software) and packages are in development.
They may not be fully stable and should be used with caution. We make no claims about them.