Last updated on 2024-05-04 01:49:04 CEST.
Flavor | Version | Tinstall | Tcheck | Ttotal | Status | Flags |
---|---|---|---|---|---|---|
r-devel-linux-x86_64-debian-clang | 1.3.1 | 15.64 | 231.97 | 247.61 | OK | |
r-devel-linux-x86_64-fedora-clang | 1.3.1 | 311.75 | NOTE | |||
r-devel-linux-x86_64-fedora-gcc | 1.3.1 | 335.13 | OK | |||
r-devel-windows-x86_64 | 1.3.1 | 14.00 | 208.00 | 222.00 | OK | |
r-patched-linux-x86_64 | 1.3.1 | 16.95 | 223.24 | 240.19 | OK | |
r-release-linux-x86_64 | 1.3.1 | 16.86 | 225.09 | 241.95 | OK | |
r-release-macos-arm64 | 1.3.1 | 88.00 | OK | |||
r-release-macos-x86_64 | 1.3.1 | 281.00 | OK | |||
r-release-windows-x86_64 | 1.3.1 | 17.00 | 202.00 | 219.00 | OK | |
r-oldrel-macos-arm64 | 1.3.1 | 89.00 | OK | |||
r-oldrel-macos-x86_64 | 1.3.1 | 219.00 | OK | |||
r-oldrel-windows-x86_64 | 1.3.1 | 18.00 | 260.00 | 278.00 | OK |
Version: 1.3.1
Check: Rd cross-references
Result: NOTE
Undeclared package ‘parsnip’ in Rd xrefs
Flavor: r-devel-linux-x86_64-fedora-clang
These binaries (installable software) and packages are in development.
They may not be fully stable and should be used with caution. We make no claims about them.