Last updated on 2024-05-04 01:49:04 CEST.
Flavor | Version | Tinstall | Tcheck | Ttotal | Status | Flags |
---|---|---|---|---|---|---|
r-devel-linux-x86_64-debian-clang | 0.1.4 | 178.78 | 273.75 | 452.53 | NOTE | |
r-devel-linux-x86_64-fedora-clang | 0.1.4 | 510.26 | NOTE | |||
r-devel-linux-x86_64-fedora-gcc | 0.1.4 | 537.07 | NOTE | |||
r-devel-windows-x86_64 | 0.1.4 | 101.00 | 212.00 | 313.00 | NOTE | |
r-patched-linux-x86_64 | 0.1.4 | 164.61 | 266.70 | 431.31 | OK | |
r-release-linux-x86_64 | 0.1.4 | 121.33 | 283.40 | 404.73 | OK | |
r-release-macos-arm64 | 0.1.4 | 153.00 | NOTE | |||
r-release-macos-x86_64 | 0.1.4 | 319.00 | NOTE | |||
r-release-windows-x86_64 | 0.1.4 | 92.00 | 222.00 | 314.00 | OK | |
r-oldrel-macos-arm64 | 0.1.4 | 165.00 | NOTE | |||
r-oldrel-macos-x86_64 | 0.1.4 | 278.00 | NOTE | |||
r-oldrel-windows-x86_64 | 0.1.4 | 112.00 | 292.00 | 404.00 | OK |
Version: 0.1.4
Check: compiled code
Result: NOTE
File ‘zoomerjoin/libs/zoomerjoin.so’:
Found non-API calls to R: ‘SET_ENCLOS’, ‘SET_ENVFLAGS’, ‘SET_PRCODE’,
‘SET_PRENV’, ‘SET_PRVALUE’
Compiled code should not call non-API entry points in R.
See ‘Writing portable packages’ in the ‘Writing R Extensions’ manual.
Flavors: r-devel-linux-x86_64-debian-clang, r-devel-linux-x86_64-fedora-clang, r-devel-linux-x86_64-fedora-gcc
Version: 0.1.4
Check: compiled code
Result: NOTE
File 'zoomerjoin/libs/x64/zoomerjoin.dll':
Found non-API calls to R: 'SET_ENCLOS', 'SET_ENVFLAGS', 'SET_PRCODE',
'SET_PRENV', 'SET_PRVALUE'
Compiled code should not call non-API entry points in R.
See 'Writing portable packages' in the 'Writing R Extensions' manual.
Flavor: r-devel-windows-x86_64
Version: 0.1.4
Check: installed package size
Result: NOTE
installed size is 9.0Mb
sub-directories of 1Mb or more:
libs 8.7Mb
Flavors: r-release-macos-arm64, r-release-macos-x86_64, r-oldrel-macos-arm64, r-oldrel-macos-x86_64
These binaries (installable software) and packages are in development.
They may not be fully stable and should be used with caution. We make no claims about them.