Last updated on 2024-05-04 01:49:04 CEST.
Flavor | Version | Tinstall | Tcheck | Ttotal | Status | Flags |
---|---|---|---|---|---|---|
r-devel-linux-x86_64-debian-clang | 0.2.3 | 12.81 | 102.98 | 115.79 | NOTE | |
r-devel-linux-x86_64-fedora-clang | 0.2.3 | 148.33 | NOTE | |||
r-devel-linux-x86_64-fedora-gcc | 0.2.3 | 148.42 | NOTE | |||
r-devel-windows-x86_64 | 0.2.3 | 13.00 | 123.00 | 136.00 | NOTE | |
r-patched-linux-x86_64 | 0.2.3 | 8.23 | 101.56 | 109.79 | NOTE | |
r-release-linux-x86_64 | 0.2.3 | 7.89 | 101.45 | 109.34 | NOTE | |
r-release-macos-arm64 | 0.2.3 | 60.00 | NOTE | |||
r-release-windows-x86_64 | 0.2.3 | 12.00 | 119.00 | 131.00 | NOTE | |
r-oldrel-macos-arm64 | 0.2.3 | 55.00 | OK | |||
r-oldrel-macos-x86_64 | 0.2.3 | 102.00 | OK | |||
r-oldrel-windows-x86_64 | 0.2.3 | 15.00 | 141.00 | 156.00 | OK |
Version: 0.2.3
Check: Rd files
Result: NOTE
checkRd: (-1) update_ztable.Rd:75: Lost braces; missing escapes or markup?
75 | must be NULL or contain only elements of {"h","t","b","p","!","H"}.}
| ^
checkRd: (-1) ztable_sub.Rd:78: Lost braces; missing escapes or markup?
78 | must be NULL or contain only elements of {"h","t","b","p","!","H"}.
| ^
Flavors: r-devel-linux-x86_64-debian-clang, r-devel-linux-x86_64-fedora-clang, r-devel-linux-x86_64-fedora-gcc, r-devel-windows-x86_64, r-patched-linux-x86_64, r-release-linux-x86_64, r-release-macos-arm64, r-release-windows-x86_64
These binaries (installable software) and packages are in development.
They may not be fully stable and should be used with caution. We make no claims about them.